{"id":357209,"date":"2026-09-05T12:46:55","date_gmt":"2026-09-05T10:46:55","guid":{"rendered":"https:\/\/lucickymlyn.cz\/?post_type=product&#038;p=357209"},"modified":"2026-09-05T19:47:50","modified_gmt":"2026-09-05T17:47:50","slug":"starozitny-konferencni-stolek-art-deco-orechova-dyha-30-leta","status":"publish","type":"product","link":"https:\/\/lucickymlyn.cz\/pl\/shop\/starozitny-konferencni-stolek-art-deco-orechova-dyha-30-leta\/","title":{"rendered":"Urokliwy, designerski stolik konferencyjny w stylu antycznym, o pi\u0119knym us\u0142ojeniu szlachetnego drewna orzechowego, mistrzowsko zaprojektowany w stylu art d\u00e9co z lat 30. XX wieku"},"content":{"rendered":"","protected":false},"excerpt":{"rendered":"<p>Ni\u017e\u0161\u00ed a velmi reprezentativn\u00ed m\u011b\u0161\u0165ansk\u00fd stolek, byl ji\u017e ve sv\u00e9 dob\u011b (p\u0159ed sto lety) pokrokov\u011b ur\u010den\u00fd k pohodln\u00e9 a t\u00e9\u017e ni\u017e\u0161\u00ed seda\u010dce s \u0161irok\u00fdmi k\u0159esly. Kr\u00e1sn\u00fd a elegantn\u011b navr\u017een\u00fd i n\u00e1kladn\u011b zhotoven\u00fd n\u00e1bytek, byl truhl\u00e1\u0159sky vyroben i z obloukov\u011b formovan\u00e9ho a o\u0159echem d\u00fdhovan\u00e9ho masivn\u00edho d\u0159eva. Vrchn\u00ed obd\u00e9ln\u00edkov\u00e1 deska se \u0161iroce zaoblen\u00fdmi rohy, spo\u010d\u00edv\u00e1 na v\u00fdrazn\u00e9 a symetricky skl\u00e1dan\u00e9 podno\u017ei tvo\u0159en\u00e9 \u0161irok\u00fdmi obloukov\u00fdmi podp\u011brn\u00fdmi d\u00edlci ve st\u0159edu propojen\u00fdmi u\u017e\u0161\u00ed odkl\u00e1dac\u00ed poli\u010dkou. Konstrukci ze dvou polokruhov\u00fdch d\u00edlc\u016f efektn\u011b dopl\u0148uj\u00ed hladce soustru\u017een\u00e9 a p\u0159\u00ed\u010dn\u011b osazen\u00e9 v\u00e1lce, p\u016fsobiv\u011b zakon\u010den\u00e9 kulovit\u00fdmi hlavicemi. Kombinace hladk\u00e9 d\u00fdhovan\u00e9 plochy, v\u00fdrazn\u00e9 kresby, u\u0161lechtil\u00e9ho d\u0159eva a elegantn\u011b tvarovan\u00fdch oblouk\u016f, d\u00e1v\u00e1 stolku mimo\u0159\u00e1dn\u011b zaj\u00edmav\u00fd modernistick\u00fd vzhled meziv\u00e1le\u010dn\u00e9ho obdob\u00ed. Designov\u00fd konferen\u010dn\u00ed stolek poslou\u017e\u00ed i jako v\u00fdrazn\u00fd solit\u00e9r. M\u016f\u017ee b\u00fdt i odkl\u00e1dac\u00edm nebo se sklen\u011bnou deskou i kv\u011btinov\u00fdm stolkem. Pevn\u00fd a stabiln\u00ed konferen\u010dn\u00ed stolek se hod\u00ed do ob\u00fdvac\u00edho pokoje \u010di haly, ale hlavn\u011b do osobit\u00e9ho a reprezentativn\u00edho interi\u00e9ru. Velmi dobr\u00fd p\u016fvodn\u00ed stav po vy\u010di\u0161t\u011bn\u00ed a p\u0159ele\u0161t\u011bn\u00ed.<\/p>\n<p>(v\u00fd\u0161ka 55 cm x \u0161\u00ed\u0159ka 99,5 cm x 49,5 cm)<\/p>\n<p>Hmotnost 13,3 kg.<\/p>","protected":false},"featured_media":356689,"template":"","meta":[],"product_brand":[],"product_cat":[106,89],"product_tag":[],"class_list":{"0":"post-357209","1":"product","2":"type-product","3":"status-publish","4":"has-post-thumbnail","6":"product_cat-novinky","7":"product_cat-mestansky-nabytek","9":"first","10":"instock","11":"shipping-taxable","12":"purchasable","13":"product-type-simple"},"_links":{"self":[{"href":"https:\/\/lucickymlyn.cz\/pl\/wp-json\/wp\/v2\/product\/357209","targetHints":{"allow":["GET"]}}],"collection":[{"href":"https:\/\/lucickymlyn.cz\/pl\/wp-json\/wp\/v2\/product"}],"about":[{"href":"https:\/\/lucickymlyn.cz\/pl\/wp-json\/wp\/v2\/types\/product"}],"wp:featuredmedia":[{"embeddable":true,"href":"https:\/\/lucickymlyn.cz\/pl\/wp-json\/wp\/v2\/media\/356689"}],"wp:attachment":[{"href":"https:\/\/lucickymlyn.cz\/pl\/wp-json\/wp\/v2\/media?parent=357209"}],"wp:term":[{"taxonomy":"product_brand","embeddable":true,"href":"https:\/\/lucickymlyn.cz\/pl\/wp-json\/wp\/v2\/product_brand?post=357209"},{"taxonomy":"product_cat","embeddable":true,"href":"https:\/\/lucickymlyn.cz\/pl\/wp-json\/wp\/v2\/product_cat?post=357209"},{"taxonomy":"product_tag","embeddable":true,"href":"https:\/\/lucickymlyn.cz\/pl\/wp-json\/wp\/v2\/product_tag?post=357209"}],"curies":[{"name":"wp","href":"https:\/\/api.w.org\/{rel}","templated":true}]}}

Urokliwy, designerski stolik konferencyjny w stylu antycznym, o pięknym usłojeniu szlachetnego drewna orzechowego, mistrzowsko zaprojektowany w stylu art déco z lat 30. XX wieku

<p>Nižší a velmi reprezentativní měšťanský stolek, byl již ve své době (před sto lety) pokrokově určený k pohodlné a též nižší sedačce s širokými křesly. Krásný a elegantně navržený i nákladně zhotovený nábytek, byl truhlářsky vyroben i z obloukově formovaného a ořechem dýhovaného masivního dřeva. Vrchní obdélníková deska se široce zaoblenými rohy, spočívá na výrazné a symetricky skládané podnoži tvořené širokými obloukovými podpěrnými dílci ve středu propojenými užší odkládací poličkou. Konstrukci ze dvou polokruhových dílců efektně doplňují hladce soustružené a příčně osazené válce, působivě zakončené kulovitými hlavicemi. Kombinace hladké dýhované plochy, výrazné kresby, ušlechtilého dřeva a elegantně tvarovaných oblouků, dává stolku mimořádně zajímavý modernistický vzhled meziválečného období. Designový konferenční stolek poslouží i jako výrazný solitér. Může být i odkládacím nebo se skleněnou deskou i květinovým stolkem. Pevný a stabilní konferenční stolek se hodí do obývacího pokoje či haly, ale hlavně do osobitého a reprezentativního interiéru. Velmi dobrý původní stav po vyčištění a přeleštění.</p>
<p>(výška 55 cm x šířka 99,5 cm x 49,5 cm)</p>
<p>Hmotnost 13,3 kg.</p>
