{"id":356668,"date":"2026-08-29T17:54:04","date_gmt":"2026-08-29T15:54:04","guid":{"rendered":"https:\/\/lucickymlyn.cz\/?post_type=product&#038;p=356668"},"modified":"2026-08-29T19:26:02","modified_gmt":"2026-08-29T17:26:02","slug":"starozitna-sada-karaf-port-sherry-madeira-brusene-sklo","status":"publish","type":"product","link":"https:\/\/lucickymlyn.cz\/pl\/shop\/starozitna-sada-karaf-port-sherry-madeira-brusene-sklo\/","title":{"rendered":"Ciekawy, trzycz\u0119\u015bciowy zestaw wi\u0119kszych zabytkowych karafek z przezroczystego szk\u0142a dmuchanego, z starannie oszlifowanymi korkami, przeznaczonych do win wzmocnionych \u2013 opatrzonych napisami: Port, Sherry i Mandarin"},"content":{"rendered":"","protected":false},"excerpt":{"rendered":"<p>P\u016fsobiv\u00e1 a kompletn\u00ed sestava t\u0159\u00ed sklen\u011bn\u00fdch karaf ur\u010den\u00fdch pro pod\u00e1v\u00e1n\u00ed fortifikovan\u00fdch v\u00edn: portsk\u00e9ho, sherry a mandarin. Ka\u017ed\u00e1 karafa byla zhotovena z \u010dir\u00e9ho, silnost\u011bnn\u00e9ho foukan\u00e9ho skla a opat\u0159ena vlastn\u00ed velkou brou\u0161enou z\u00e1tkou v elegantn\u00edm kapkovit\u00e9m tvaru. N\u00edzk\u00e9, \u0161iroce ba\u0148at\u00e9 t\u011blo ve tvaru zplo\u0161t\u011bl\u00e9 koule pozvolna p\u0159ech\u00e1z\u00ed do \u0161t\u00edhl\u00e9ho vysok\u00e9ho hrdla s p\u0159esn\u011b zabrou\u0161en\u00fdm okrajem pro ozdobnou z\u00e1tku. Jednoduch\u00e9 a kultivovan\u00e9 tvaroslov\u00ed nech\u00e1v\u00e1 vyniknout \u010dirosti skla, harmonick\u00fdm proporc\u00edm a velmi p\u011bkn\u011b proveden\u00e9 rytin\u011b s n\u00e1pisem. Na p\u0159edn\u00ed stran\u011b ka\u017ed\u00e9 karafy je brou\u0161en\u00fd n\u00e1pis v ozdobn\u00e9m osmihrann\u00e9m poli &#8211; PORT, SHERRY a MANDARIN. Ka\u017ed\u00fd n\u00e1pis obklopuje jemn\u011b ryt\u00fd vinn\u00fd dekor s listy r\u00e9vy, \u00faponky a hrozny. Motiv r\u00e9vy vhodn\u011b zd\u016fraz\u0148uje dan\u00e9 vyu\u017eit\u00ed soupravy a dod\u00e1v\u00e1 j\u00ed slavnostn\u00ed, jen lehce historizuj\u00edc\u00ed charakter. Staro\u017eitn\u00e9 karafy byly ur\u010deny k rozli\u0161en\u00ed jednotliv\u00fdch druh\u016f v\u00edna p\u0159i dom\u00e1c\u00edm stolov\u00e1n\u00ed, nebo v m\u011b\u0161\u0165ansk\u00e9m dom\u00e1c\u00edm baru. Souprava z foukan\u00e9ho a brou\u0161en\u00e9ho skla se dochovala v p\u011bkn\u00e9m p\u016fvodn\u00edm stavu. Sklo je \u010dir\u00e9, ryt\u00fd dekor dob\u0159e \u010diteln\u00fd a sou\u010d\u00e1st\u00ed v\u0161ech t\u0159\u00ed karaf jsou p\u016fvodn\u00ed zabrou\u0161en\u00e9 z\u00e1tky. Velmi elegantn\u00ed dopln\u011bk do dom\u00e1c\u00edho baru, vitr\u00edny, j\u00eddelny, nebo na slavnostn\u011b prost\u0159en\u00fd st\u016fl. Nepo\u0161kozeno.<\/p>\n<p>(v\u00fd\u0161ka 34 cm, pr\u016fm\u011br 16 cm)<\/p>\n<p>Hmotnost 3,3 kg\/sada.<\/p>\n<p>Podana cena dotyczy 3 sztuk.<\/p>","protected":false},"featured_media":356240,"template":"","meta":[],"product_brand":[],"product_cat":[106,102],"product_tag":[],"class_list":{"0":"post-356668","1":"product","2":"type-product","3":"status-publish","4":"has-post-thumbnail","6":"product_cat-novinky","7":"product_cat-starozitne-sklo","9":"first","10":"instock","11":"shipping-taxable","12":"purchasable","13":"product-type-simple"},"_links":{"self":[{"href":"https:\/\/lucickymlyn.cz\/pl\/wp-json\/wp\/v2\/product\/356668","targetHints":{"allow":["GET"]}}],"collection":[{"href":"https:\/\/lucickymlyn.cz\/pl\/wp-json\/wp\/v2\/product"}],"about":[{"href":"https:\/\/lucickymlyn.cz\/pl\/wp-json\/wp\/v2\/types\/product"}],"wp:featuredmedia":[{"embeddable":true,"href":"https:\/\/lucickymlyn.cz\/pl\/wp-json\/wp\/v2\/media\/356240"}],"wp:attachment":[{"href":"https:\/\/lucickymlyn.cz\/pl\/wp-json\/wp\/v2\/media?parent=356668"}],"wp:term":[{"taxonomy":"product_brand","embeddable":true,"href":"https:\/\/lucickymlyn.cz\/pl\/wp-json\/wp\/v2\/product_brand?post=356668"},{"taxonomy":"product_cat","embeddable":true,"href":"https:\/\/lucickymlyn.cz\/pl\/wp-json\/wp\/v2\/product_cat?post=356668"},{"taxonomy":"product_tag","embeddable":true,"href":"https:\/\/lucickymlyn.cz\/pl\/wp-json\/wp\/v2\/product_tag?post=356668"}],"curies":[{"name":"wp","href":"https:\/\/api.w.org\/{rel}","templated":true}]}}

Ciekawy, trzyczęściowy zestaw większych zabytkowych karafek z przezroczystego szkła dmuchanego, z starannie oszlifowanymi korkami, przeznaczonych do win wzmocnionych – opatrzonych napisami: Port, Sherry i Mandarin

<p>Působivá a kompletní sestava tří skleněných karaf určených pro podávání fortifikovaných vín: portského, sherry a mandarin. Každá karafa byla zhotovena z čirého, silnostěnného foukaného skla a opatřena vlastní velkou broušenou zátkou v elegantním kapkovitém tvaru. Nízké, široce baňaté tělo ve tvaru zploštělé koule pozvolna přechází do štíhlého vysokého hrdla s přesně zabroušeným okrajem pro ozdobnou zátku. Jednoduché a kultivované tvarosloví nechává vyniknout čirosti skla, harmonickým proporcím a velmi pěkně provedené rytině s nápisem. Na přední straně každé karafy je broušený nápis v ozdobném osmihranném poli &#8211; PORT, SHERRY a MANDARIN. Každý nápis obklopuje jemně rytý vinný dekor s listy révy, úponky a hrozny. Motiv révy vhodně zdůrazňuje dané využití soupravy a dodává jí slavnostní, jen lehce historizující charakter. Starožitné karafy byly určeny k rozlišení jednotlivých druhů vína při domácím stolování, nebo v měšťanském domácím baru. Souprava z foukaného a broušeného skla se dochovala v pěkném původním stavu. Sklo je čiré, rytý dekor dobře čitelný a součástí všech tří karaf jsou původní zabroušené zátky. Velmi elegantní doplněk do domácího baru, vitríny, jídelny, nebo na slavnostně prostřený stůl. Nepoškozeno.</p>
<p>(výška 34 cm, průměr 16 cm)</p>
<p>Hmotnost 3,3 kg/sada.</p>
<p>Podana cena dotyczy 3 sztuk.</p>
