{"id":356664,"date":"2026-08-29T16:50:20","date_gmt":"2026-08-29T14:50:20","guid":{"rendered":"https:\/\/lucickymlyn.cz\/?post_type=product&#038;p=356664"},"modified":"2026-08-29T19:26:03","modified_gmt":"2026-08-29T17:26:03","slug":"starozitna-figuralni-lampicka-par-postavicek-brusena-sklenena-koule","status":"publish","type":"product","link":"https:\/\/lucickymlyn.cz\/pl\/shop\/starozitna-figuralni-lampicka-par-postavicek-brusena-sklenena-koule\/","title":{"rendered":"Wysoka, zabytkowa lampka figuratywna w stylu romantycznym, z kolumn\u0105 uroczo ozdobion\u0105 zamkowymi postaciami m\u0142odej pary, a na szczycie wyposa\u017cona w nasadk\u0119 z os\u0142on\u0105 z szlifowanego szk\u0142a"},"content":{"rendered":"","protected":false},"excerpt":{"rendered":"<p>Kulat\u00e1 ploch\u00e1 podstava d\u016fmysln\u011b vyn\u00e1\u0161\u00ed zda\u0159ilou socha\u0159skou kompozici tvo\u0159enou sloupkem v podob\u011b stromku, okolo n\u011bho\u017e se emotivn\u011b sbli\u017euje mlad\u00edk s pohlednou d\u00edv\u010dinou. Tato kr\u00e1ska s hochem byla stejn\u011b jako dal\u0161\u00ed prvky vyroben\u00e1 z c\u00ednov\u00e9 kompozice. D\u00edvka je od\u011bn\u00e1 ve ve\u010dern\u00edch \u0161atech a i mlad\u00fd \u0161lechtic je z\u00e1mecky oble\u010den\u00fd. Na\u0161e drobn\u00e9 souso\u0161\u00ed spolu s lehce rozdvojen\u00fdm kmenem, opticky vyn\u00e1\u0161\u00ed up\u00ednac\u00ed klobou\u010dek se st\u00edn\u00edc\u00ed koul\u00ed z brou\u0161en\u00e9ho skla. Uvnit\u0159 klobou\u010dku je zasazena p\u016fvodn\u00ed mosazn\u00e1 obj\u00edmka zakon\u010den\u00e1 porcel\u00e1nov\u00fdm krou\u017ekem. M\u011b\u0161\u0165ansk\u00e9 stoln\u00ed sv\u011btlo je po celkov\u00e9 renovaci a osazen\u00e9 nov\u00fdm, stylov\u011b opleten\u00fdm elektro-kabelem, vyp\u00edna\u010dem a bakelitovou koncovkou.<\/p>\n<p>(v\u00fd\u0161ka 48 cm, pr\u016fm\u011br podstavy 13,5 cm)<\/p>\n<p>Masa 1,5 kg.<\/p>","protected":false},"featured_media":356437,"template":"","meta":[],"product_brand":[],"product_cat":[106,86,72],"product_tag":[],"class_list":{"0":"post-356664","1":"product","2":"type-product","3":"status-publish","4":"has-post-thumbnail","6":"product_cat-novinky","7":"product_cat-svetla","8":"product_cat-starozitne-sosky","10":"first","11":"instock","12":"shipping-taxable","13":"purchasable","14":"product-type-simple"},"_links":{"self":[{"href":"https:\/\/lucickymlyn.cz\/pl\/wp-json\/wp\/v2\/product\/356664","targetHints":{"allow":["GET"]}}],"collection":[{"href":"https:\/\/lucickymlyn.cz\/pl\/wp-json\/wp\/v2\/product"}],"about":[{"href":"https:\/\/lucickymlyn.cz\/pl\/wp-json\/wp\/v2\/types\/product"}],"wp:featuredmedia":[{"embeddable":true,"href":"https:\/\/lucickymlyn.cz\/pl\/wp-json\/wp\/v2\/media\/356437"}],"wp:attachment":[{"href":"https:\/\/lucickymlyn.cz\/pl\/wp-json\/wp\/v2\/media?parent=356664"}],"wp:term":[{"taxonomy":"product_brand","embeddable":true,"href":"https:\/\/lucickymlyn.cz\/pl\/wp-json\/wp\/v2\/product_brand?post=356664"},{"taxonomy":"product_cat","embeddable":true,"href":"https:\/\/lucickymlyn.cz\/pl\/wp-json\/wp\/v2\/product_cat?post=356664"},{"taxonomy":"product_tag","embeddable":true,"href":"https:\/\/lucickymlyn.cz\/pl\/wp-json\/wp\/v2\/product_tag?post=356664"}],"curies":[{"name":"wp","href":"https:\/\/api.w.org\/{rel}","templated":true}]}}

Wysoka, zabytkowa lampka figuratywna w stylu romantycznym, z kolumną uroczo ozdobioną zamkowymi postaciami młodej pary, a na szczycie wyposażona w nasadkę z osłoną z szlifowanego szkła

<p>Kulatá plochá podstava důmyslně vynáší zdařilou sochařskou kompozici tvořenou sloupkem v podobě stromku, okolo něhož se emotivně sbližuje mladík s pohlednou dívčinou. Tato kráska s hochem byla stejně jako další prvky vyrobená z cínové kompozice. Dívka je oděná ve večerních šatech a i mladý šlechtic je zámecky oblečený. Naše drobné sousoší spolu s lehce rozdvojeným kmenem, opticky vynáší upínací klobouček se stínící koulí z broušeného skla. Uvnitř kloboučku je zasazena původní mosazná objímka zakončená porcelánovým kroužkem. Měšťanské stolní světlo je po celkové renovaci a osazené novým, stylově opleteným elektro-kabelem, vypínačem a bakelitovou koncovkou.</p>
<p>(výška 48 cm, průměr podstavy 13,5 cm)</p>
<p>Masa 1,5 kg.</p>
