{"id":356153,"date":"2026-08-22T11:22:19","date_gmt":"2026-08-22T09:22:19","guid":{"rendered":"https:\/\/lucickymlyn.cz\/?post_type=product&#038;p=356153"},"modified":"2026-08-22T18:44:32","modified_gmt":"2026-08-22T16:44:32","slug":"historyczna-sofa-z-drewna-orzechowego-w-stylu-rokokowym-majaca-40-60-lat","status":"publish","type":"product","link":"https:\/\/lucickymlyn.cz\/pl\/shop\/historicka-orechova-sofa-duch-rokoka-40-60-let-stara\/","title":{"rendered":"Du\u017ca, ale lekka, historyczna sofa lub kanapa z drewna orzechowego, ozdobiona rze\u017abami, zaprojektowana w duchu figlarnego rokoka"},"content":{"rendered":"","protected":false},"excerpt":{"rendered":"<p>Pevn\u00fd a velmi stabiln\u00ed sedac\u00ed n\u00e1bytek s pohledov\u00fdmi d\u00edlci z masivn\u00edho o\u0159echu m\u00e1 velmi dob\u0159e zachoval\u00e9 \u010daloun\u011bn\u00ed s natur\u00e1ln\u011b vyhl\u00ed\u017eej\u00edc\u00ed potahovou l\u00e1tkou, vkusn\u011b o\u017eivenou motivem s lu\u010dn\u00edmi kv\u011btinami. \u0160irok\u00fd sed\u00e1k pohodln\u00e9 seda\u010dky se skl\u00e1d\u00e1 ze t\u0159\u00ed v\u00fdrazn\u011b m\u011bk\u010d\u00edch pol\u0161t\u00e1\u0159\u016f. Pod t\u011bmito sed\u00e1ky je velmi zachoval\u00e9 a dob\u0159e vyv\u00e1zan\u00e9 polstrov\u00e1n\u00ed, kter\u00e9 dotv\u00e1\u0159\u00ed p\u0159\u00edjemn\u00fd dojem z m\u011bk\u010d\u00edho posezen\u00ed. Velmi dobr\u00fd p\u016fvodn\u00ed stav po pe\u010dliv\u00e9m vy\u010di\u0161t\u011bn\u00ed a obnoven\u00ed p\u016fvodn\u00ed povrchov\u00e9 \u00fapravy. L\u00e1tka je pevn\u00e1 a nepo\u0161kozen\u00e1 a matrace nejsou prosezen\u00e9. P\u0159ibli\u017en\u00e9 st\u00e1\u0159\u00ed 40 a\u017e 60 let.<\/p>\n<p>(v\u00fd\u0161ka 102 cm x \u0161\u00ed\u0159ka 200 cm x hloubka 80 cm)<\/p>\n<p>Hmotnost 33 kg.<\/p>","protected":false},"featured_media":355971,"template":"","meta":[],"product_brand":[],"product_cat":[89],"product_tag":[],"class_list":{"0":"post-356153","1":"product","2":"type-product","3":"status-publish","4":"has-post-thumbnail","6":"product_cat-mestansky-nabytek","8":"first","9":"instock","10":"shipping-taxable","11":"purchasable","12":"product-type-simple"},"_links":{"self":[{"href":"https:\/\/lucickymlyn.cz\/pl\/wp-json\/wp\/v2\/product\/356153","targetHints":{"allow":["GET"]}}],"collection":[{"href":"https:\/\/lucickymlyn.cz\/pl\/wp-json\/wp\/v2\/product"}],"about":[{"href":"https:\/\/lucickymlyn.cz\/pl\/wp-json\/wp\/v2\/types\/product"}],"wp:featuredmedia":[{"embeddable":true,"href":"https:\/\/lucickymlyn.cz\/pl\/wp-json\/wp\/v2\/media\/355971"}],"wp:attachment":[{"href":"https:\/\/lucickymlyn.cz\/pl\/wp-json\/wp\/v2\/media?parent=356153"}],"wp:term":[{"taxonomy":"product_brand","embeddable":true,"href":"https:\/\/lucickymlyn.cz\/pl\/wp-json\/wp\/v2\/product_brand?post=356153"},{"taxonomy":"product_cat","embeddable":true,"href":"https:\/\/lucickymlyn.cz\/pl\/wp-json\/wp\/v2\/product_cat?post=356153"},{"taxonomy":"product_tag","embeddable":true,"href":"https:\/\/lucickymlyn.cz\/pl\/wp-json\/wp\/v2\/product_tag?post=356153"}],"curies":[{"name":"wp","href":"https:\/\/api.w.org\/{rel}","templated":true}]}}

Duża, ale lekka, historyczna sofa lub kanapa z drewna orzechowego, ozdobiona rzeźbami, zaprojektowana w duchu figlarnego rokoka

<p>Pevný a velmi stabilní sedací nábytek s pohledovými dílci z masivního ořechu má velmi dobře zachovalé čalounění s naturálně vyhlížející potahovou látkou, vkusně oživenou motivem s lučními květinami. Široký sedák pohodlné sedačky se skládá ze tří výrazně měkčích polštářů. Pod těmito sedáky je velmi zachovalé a dobře vyvázané polstrování, které dotváří příjemný dojem z měkčího posezení. Velmi dobrý původní stav po pečlivém vyčištění a obnovení původní povrchové úpravy. Látka je pevná a nepoškozená a matrace nejsou prosezené. Přibližné stáří 40 až 60 let.</p>
<p>(výška 102 cm x šířka 200 cm x hloubka 80 cm)</p>
<p>Hmotnost 33 kg.</p>
