{"id":356144,"date":"2026-08-22T10:59:09","date_gmt":"2026-08-22T08:59:09","guid":{"rendered":"https:\/\/lucickymlyn.cz\/?post_type=product&#038;p=356144"},"modified":"2026-08-22T18:44:35","modified_gmt":"2026-08-22T16:44:35","slug":"hutni-vaza-chribska-oranzovo-rubinove-tonovani-josef-hospodka","status":"publish","type":"product","link":"https:\/\/lucickymlyn.cz\/pl\/shop\/hutni-vaza-chribska-oranzovo-rubinove-tonovani-josef-hospodka\/","title":{"rendered":"Charakterystyczny wazon hutniczy o organicznej formie, wykonany z przezroczystego szk\u0142a o pomara\u0144czowo-rubinowym zabarwieniu ze z\u0142ocistym po\u0142yskiem \u2013 Ch\u0159ibsk\u00e1, przypisywany Josefowi Hospodkowi, lata 50.\u201360."},"content":{"rendered":"","protected":false},"excerpt":{"rendered":"<p>Velmi dekorativn\u00ed v\u00e1za socha\u0159sky pojat\u00e1 z masivn\u00edho, ru\u010dn\u011b tvarovan\u00e9ho hutn\u00edho skla, vytvo\u0159en\u00e1 v osobit\u00e9m organick\u00e9m tvaroslov\u00ed \u010desk\u00e9ho pov\u00e1le\u010dn\u00e9ho designu. Charakteristick\u00fd tvar i postupn\u011b se zesiluj\u00edc\u00ed a\u017e jasn\u011b z\u00e1\u0159iv\u00e9 vybarven\u00ed, odpov\u00eddaj\u00ed produkci Skl\u00e1rny Ch\u0159ibsk\u00e1 z 50. a\u017e 60. let 20. stolet\u00ed; n\u00e1vrh je s ohledem na typickou modelaci op\u00e1lov\u00e9ho a barevn\u00e9ho skla p\u0159ipisov\u00e1n Josefu Hospodkovi, v\u00fdznamn\u00e9mu \u010desk\u00e9mu skl\u00e1\u0159sk\u00e9mu v\u00fdtvarn\u00edkovi. St\u0159edn\u011b v\u011bt\u0161\u00ed v\u00e1za m\u00e1 v\u00fdrazn\u011b rytmizovan\u00e9, svisl\u00e9 a organicky pojat\u00e9 \u017eebrov\u00e1n\u00ed, kter\u00e9 se od t\u011b\u017ek\u00e9, plasticky modelovan\u00e9 paty zved\u00e1 vzh\u016fru do m\u011bkce zvln\u011bn\u00e9ho hrdla, evokuj\u00edc\u00edho okraj kv\u011btu. Hmota skla kombinuje \u010dir\u00fd obal s teplou oran\u017eovou a\u017e ambrovou barevnou slo\u017ekou, dopln\u011bnou \u010derveno-rub\u00ednov\u00fdm zabarven\u00edm v horn\u00ed \u010d\u00e1sti a na okraj\u00edch. D\u00edky siln\u00e9 sklovin\u011b se barvy p\u0159i dopadu sv\u011btla n\u00e1dhern\u011b prom\u011b\u0148uj\u00ed, prohlubuj\u00ed a vytv\u00e1\u0159ej\u00ed v\u00fdrazn\u00fd vnit\u0159n\u00ed lesk. Voln\u011b formovan\u00fd, jen lehce nepravideln\u011b rozev\u0159en\u00fd okraj p\u0159ipom\u00edn\u00e1 rozkv\u00e9taj\u00edc\u00ed kv\u011bt a d\u00e1v\u00e1 v\u00e1ze charakteristickou socha\u0159skou dynamiku. Pr\u00e1v\u011b spojen\u00ed optick\u00e9ho dekoru, barevn\u00e9ho j\u00e1dra a spont\u00e1nn\u011b tvarovan\u00e9ho okraje, pat\u0159\u00ed k nejvyhled\u00e1van\u011bj\u0161\u00edm znak\u016fm hutn\u00edho skla z okruhu Ch\u0159ibsk\u00e9. V\u00e1za se dochovala v p\u011bkn\u00e9m p\u016fvodn\u00edm stavu, zcela bez o\u0165uk\u016f \u010di prasklin. V\u00fdrazn\u00fd solit\u00e9r nejen pro bohat\u0161\u00ed kv\u011btinovou vazbu i samostatnou dekoraci, jist\u011b vynikne v modern\u00edm, retro i eklekticky za\u0159\u00edzen\u00e9m interi\u00e9ru.<\/p>\n<p>(v\u00fd\u0161ka 24 cm, pr\u016fm\u011br 12 cm)<\/p>\n<p>Masa 1,4 kg.<\/p>","protected":false},"featured_media":355720,"template":"","meta":[],"product_brand":[],"product_cat":[102],"product_tag":[],"class_list":{"0":"post-356144","1":"product","2":"type-product","3":"status-publish","4":"has-post-thumbnail","6":"product_cat-starozitne-sklo","8":"first","9":"instock","10":"shipping-taxable","11":"purchasable","12":"product-type-simple"},"_links":{"self":[{"href":"https:\/\/lucickymlyn.cz\/pl\/wp-json\/wp\/v2\/product\/356144","targetHints":{"allow":["GET"]}}],"collection":[{"href":"https:\/\/lucickymlyn.cz\/pl\/wp-json\/wp\/v2\/product"}],"about":[{"href":"https:\/\/lucickymlyn.cz\/pl\/wp-json\/wp\/v2\/types\/product"}],"wp:featuredmedia":[{"embeddable":true,"href":"https:\/\/lucickymlyn.cz\/pl\/wp-json\/wp\/v2\/media\/355720"}],"wp:attachment":[{"href":"https:\/\/lucickymlyn.cz\/pl\/wp-json\/wp\/v2\/media?parent=356144"}],"wp:term":[{"taxonomy":"product_brand","embeddable":true,"href":"https:\/\/lucickymlyn.cz\/pl\/wp-json\/wp\/v2\/product_brand?post=356144"},{"taxonomy":"product_cat","embeddable":true,"href":"https:\/\/lucickymlyn.cz\/pl\/wp-json\/wp\/v2\/product_cat?post=356144"},{"taxonomy":"product_tag","embeddable":true,"href":"https:\/\/lucickymlyn.cz\/pl\/wp-json\/wp\/v2\/product_tag?post=356144"}],"curies":[{"name":"wp","href":"https:\/\/api.w.org\/{rel}","templated":true}]}}

Charakterystyczny wazon hutniczy o organicznej formie, wykonany z przezroczystego szkła o pomarańczowo-rubinowym zabarwieniu ze złocistym połyskiem – Chřibská, przypisywany Josefowi Hospodkowi, lata 50.–60.

<p>Velmi dekorativní váza sochařsky pojatá z masivního, ručně tvarovaného hutního skla, vytvořená v osobitém organickém tvarosloví českého poválečného designu. Charakteristický tvar i postupně se zesilující až jasně zářivé vybarvení, odpovídají produkci Sklárny Chřibská z 50. až 60. let 20. století; návrh je s ohledem na typickou modelaci opálového a barevného skla připisován Josefu Hospodkovi, významnému českému sklářskému výtvarníkovi. Středně větší váza má výrazně rytmizované, svislé a organicky pojaté žebrování, které se od těžké, plasticky modelované paty zvedá vzhůru do měkce zvlněného hrdla, evokujícího okraj květu. Hmota skla kombinuje čirý obal s teplou oranžovou až ambrovou barevnou složkou, doplněnou červeno-rubínovým zabarvením v horní části a na okrajích. Díky silné sklovině se barvy při dopadu světla nádherně proměňují, prohlubují a vytvářejí výrazný vnitřní lesk. Volně formovaný, jen lehce nepravidelně rozevřený okraj připomíná rozkvétající květ a dává váze charakteristickou sochařskou dynamiku. Právě spojení optického dekoru, barevného jádra a spontánně tvarovaného okraje, patří k nejvyhledávanějším znakům hutního skla z okruhu Chřibské. Váza se dochovala v pěkném původním stavu, zcela bez oťuků či prasklin. Výrazný solitér nejen pro bohatší květinovou vazbu i samostatnou dekoraci, jistě vynikne v moderním, retro i eklekticky zařízeném interiéru.</p>
<p>(výška 24 cm, průměr 12 cm)</p>
<p>Masa 1,4 kg.</p>
