{"id":352829,"date":"2026-07-04T11:47:04","date_gmt":"2026-07-04T09:47:04","guid":{"rendered":"https:\/\/lucickymlyn.cz\/?post_type=product&#038;p=352829"},"modified":"2026-08-04T13:07:58","modified_gmt":"2026-08-04T11:07:58","slug":"starozitna-secesni-likerova-sada-motiv-vlastovek-foukane-malovane-sklo","status":"publish","type":"product","link":"https:\/\/lucickymlyn.cz\/pl\/shop\/starozitna-secesni-likerova-sada-motiv-vlastovek-foukane-malovane-sklo\/","title":{"rendered":"Pi\u0119kny, zabytkowy zestaw do likier\u00f3w w stylu secesyjnym, wykonany z dmuchanego i delikatnie malowanego przezroczystego szk\u0142a, ozdobiony tradycyjnym wiosennym motywem przylatuj\u0105cych jask\u00f3\u0142ek \u2013 od dawna symbolizuj\u0105cych szcz\u0119\u015bcie w domu"},"content":{"rendered":"","protected":false},"excerpt":{"rendered":"<p>Men\u0161\u00ed vkusn\u00e1 karafa se zabrou\u0161en\u00fdm \u00fazk\u00fdm hrdlem a p\u016fsobiv\u011b p\u0159ev\u00fd\u0161en\u00fdm, lehce k\u00f3nick\u00fdm uz\u00e1v\u011brem s hlavi\u010dkou hezky soustru\u017een\u00e9ho tvaru. Sou\u010d\u00e1st\u00ed praktick\u00e9 sady se \u0161esti mal\u00fdmi, a t\u00e9\u017e k\u00f3nick\u00fdmi poh\u00e1rky je i kulat\u00fd tal\u00ed\u0159ek s rovn\u00fdm dnem a zv\u00fd\u0161en\u00fdm, lehce rozev\u0159en\u00fdm okrajem. \u0160t\u00edhl\u00e1 a podsadit\u00e1, pozvolna se zu\u017euj\u00edc\u00ed karafa je okr\u00e1\u0161len\u00e1 nejen n\u00e1padn\u00fdm zlacen\u00edm a motivem s vla\u0161\u0165ovkou, ale i drobnou kyti\u010dkou pomn\u011bnek. Touto ru\u010dn\u011b malovanou v\u00fdzdobou se m\u016f\u017eeme pot\u011b\u0161it i na drobn\u00fdch skleni\u010dk\u00e1ch na tvrd\u00fd alkohol nebo lik\u00e9r. Hezk\u00e1 staro\u017eitn\u00e1 sada z jemn\u00e9ho a \u010dir\u00e9ho kvalitn\u00edho skla, byla ru\u010dn\u011b dekorov\u00e1na m\u00e1lo v\u00eddan\u00fdm secesn\u00edm vzorem s vla\u0161\u0165ovkami &#8211; po\u010d\u00e1tek 20. stol. P\u016fvodn\u00ed velmi dobr\u00fd stav.<\/p>\n<p>(v\u00fd\u0161ka karafy 27 cm, pr\u016fm\u011br podnosu 21,3 cm, pan\u00e1\u010dky v\u00fd\u0161ka 6,8 cm, pr\u016fm\u011br hrdla 3,1 cm)<\/p>\n<p>Waga 0,7 kg\/zestaw.<\/p>","protected":false},"featured_media":352570,"template":"","meta":[],"product_brand":[],"product_cat":[102,208],"product_tag":[],"class_list":{"0":"post-352829","1":"product","2":"type-product","3":"status-publish","4":"has-post-thumbnail","6":"product_cat-starozitne-sklo","7":"product_cat-darky","9":"first","10":"instock","11":"shipping-taxable","12":"purchasable","13":"product-type-simple"},"_links":{"self":[{"href":"https:\/\/lucickymlyn.cz\/pl\/wp-json\/wp\/v2\/product\/352829","targetHints":{"allow":["GET"]}}],"collection":[{"href":"https:\/\/lucickymlyn.cz\/pl\/wp-json\/wp\/v2\/product"}],"about":[{"href":"https:\/\/lucickymlyn.cz\/pl\/wp-json\/wp\/v2\/types\/product"}],"wp:featuredmedia":[{"embeddable":true,"href":"https:\/\/lucickymlyn.cz\/pl\/wp-json\/wp\/v2\/media\/352570"}],"wp:attachment":[{"href":"https:\/\/lucickymlyn.cz\/pl\/wp-json\/wp\/v2\/media?parent=352829"}],"wp:term":[{"taxonomy":"product_brand","embeddable":true,"href":"https:\/\/lucickymlyn.cz\/pl\/wp-json\/wp\/v2\/product_brand?post=352829"},{"taxonomy":"product_cat","embeddable":true,"href":"https:\/\/lucickymlyn.cz\/pl\/wp-json\/wp\/v2\/product_cat?post=352829"},{"taxonomy":"product_tag","embeddable":true,"href":"https:\/\/lucickymlyn.cz\/pl\/wp-json\/wp\/v2\/product_tag?post=352829"}],"curies":[{"name":"wp","href":"https:\/\/api.w.org\/{rel}","templated":true}]}}

Piękny, zabytkowy zestaw do likierów w stylu secesyjnym, wykonany z dmuchanego i delikatnie malowanego przezroczystego szkła, ozdobiony tradycyjnym wiosennym motywem przylatujących jaskółek – od dawna symbolizujących szczęście w domu

<p>Menší vkusná karafa se zabroušeným úzkým hrdlem a působivě převýšeným, lehce kónickým uzávěrem s hlavičkou hezky soustruženého tvaru. Součástí praktické sady se šesti malými, a též kónickými pohárky je i kulatý talířek s rovným dnem a zvýšeným, lehce rozevřeným okrajem. Štíhlá a podsaditá, pozvolna se zužující karafa je okrášlená nejen nápadným zlacením a motivem s vlašťovkou, ale i drobnou kytičkou pomněnek. Touto ručně malovanou výzdobou se můžeme potěšit i na drobných skleničkách na tvrdý alkohol nebo likér. Hezká starožitná sada z jemného a čirého kvalitního skla, byla ručně dekorována málo vídaným secesním vzorem s vlašťovkami &#8211; počátek 20. stol. Původní velmi dobrý stav.</p>
<p>(výška karafy 27 cm, průměr podnosu 21,3 cm, panáčky výška 6,8 cm, průměr hrdla 3,1 cm)</p>
<p>Waga 0,7 kg/zestaw.</p>
