{"id":345203,"date":"2026-03-21T19:07:30","date_gmt":"2026-03-21T18:07:30","guid":{"rendered":"https:\/\/lucickymlyn.cz\/?post_type=product&#038;p=345203"},"modified":"2026-03-21T19:54:42","modified_gmt":"2026-03-21T18:54:42","slug":"litinovy-stitek-z-mlaticky-v-zima-opocno-secesni-ornament","status":"publish","type":"product","link":"https:\/\/lucickymlyn.cz\/pl\/shop\/litinovy-stitek-z-mlaticky-v-zima-opocno-secesni-ornament\/","title":{"rendered":"Wi\u0119ksza, ozdobna tabliczka z zabytkowej m\u0142ocarni, ozdobiona reliefowo i opatrzona oznaczeniem dawnego producenta V. ZIMA OPO\u010cNO"},"content":{"rendered":"","protected":false},"excerpt":{"rendered":"<p>Sb\u011bratelsky zaj\u00edmav\u00fd, litinov\u00fd d\u00edlec z historick\u00e9 zem\u011bd\u011blsk\u00e9 ml\u00e1ti\u010dky. Polokruhov\u00e9 litinov\u00e9 d\u00edlko, vkusn\u011b zdob\u00ed rostlinn\u011b stylizovan\u00fd, secesn\u00ed ornament s plastick\u00fdm n\u00e1pisem strojn\u00edho v\u00fdrobce V. ZIMA OPO\u010cNO, kter\u00e1 ukazuje na \u010deskou \u010di rakousko-uherskou produkci p\u0159elomu 19. a 20. stolet\u00ed. Kvalitn\u00ed a v\u00fdtvarn\u011b zda\u0159il\u00fd litinov\u00fd d\u00edl, b\u00fdval sou\u010d\u00e1st\u00ed mechanick\u00fdch zem\u011bd\u011blsk\u00fdch ml\u00e1ti\u010dek, v n\u011bkter\u00fdch p\u0159\u00edpadech kryl \u010d\u00e1sti p\u0159evodov\u00e9ho mechanismu, nebo setrva\u010dn\u00edk\u016f. Typick\u00e9 je i drobn\u00e9 secesn\u00ed flor\u00e1ln\u00ed zdoben\u00ed ve st\u0159edn\u00ed \u010d\u00e1sti. Dnes se jedn\u00e1 o zaj\u00edmav\u00fd dekora\u010dn\u00ed prvek, vhodn\u00fd nap\u0159\u00edklad pro industri\u00e1ln\u00ed interi\u00e9ry, sb\u011bratelsk\u00e9 \u00fa\u010dely, nebo stylov\u00e9 dopln\u011bn\u00ed sb\u00edrek zem\u011bd\u011blsk\u00e9 historick\u00e9 techniky. Vy\u010di\u0161t\u011bno a konzervov\u00e1no bezbarv\u00fdm p\u0159\u00edpravkem.<\/p>\n<p>(v\u00fd\u0161ka 17 cm x \u0161\u00ed\u0159ka 27,5 cm)<\/p>\n<p>Masa 1,1 kg.<\/p>","protected":false},"featured_media":345033,"template":"","meta":[],"product_brand":[],"product_cat":[71,91,80],"product_tag":[],"class_list":{"0":"post-345203","1":"product","2":"type-product","3":"status-publish","4":"has-post-thumbnail","6":"product_cat-bytove-doplnky","7":"product_cat-reklamni-predmety","8":"product_cat-technicke-starozitnosti","10":"first","11":"instock","12":"shipping-taxable","13":"purchasable","14":"product-type-simple"},"_links":{"self":[{"href":"https:\/\/lucickymlyn.cz\/pl\/wp-json\/wp\/v2\/product\/345203","targetHints":{"allow":["GET"]}}],"collection":[{"href":"https:\/\/lucickymlyn.cz\/pl\/wp-json\/wp\/v2\/product"}],"about":[{"href":"https:\/\/lucickymlyn.cz\/pl\/wp-json\/wp\/v2\/types\/product"}],"wp:featuredmedia":[{"embeddable":true,"href":"https:\/\/lucickymlyn.cz\/pl\/wp-json\/wp\/v2\/media\/345033"}],"wp:attachment":[{"href":"https:\/\/lucickymlyn.cz\/pl\/wp-json\/wp\/v2\/media?parent=345203"}],"wp:term":[{"taxonomy":"product_brand","embeddable":true,"href":"https:\/\/lucickymlyn.cz\/pl\/wp-json\/wp\/v2\/product_brand?post=345203"},{"taxonomy":"product_cat","embeddable":true,"href":"https:\/\/lucickymlyn.cz\/pl\/wp-json\/wp\/v2\/product_cat?post=345203"},{"taxonomy":"product_tag","embeddable":true,"href":"https:\/\/lucickymlyn.cz\/pl\/wp-json\/wp\/v2\/product_tag?post=345203"}],"curies":[{"name":"wp","href":"https:\/\/api.w.org\/{rel}","templated":true}]}}

Większa, ozdobna tabliczka z zabytkowej młocarni, ozdobiona reliefowo i opatrzona oznaczeniem dawnego producenta V. ZIMA OPOČNO

<p>Sběratelsky zajímavý, litinový dílec z historické zemědělské mlátičky. Polokruhové litinové dílko, vkusně zdobí rostlinně stylizovaný, secesní ornament s plastickým nápisem strojního výrobce V. ZIMA OPOČNO, která ukazuje na českou či rakousko-uherskou produkci přelomu 19. a 20. století. Kvalitní a výtvarně zdařilý litinový díl, býval součástí mechanických zemědělských mlátiček, v některých případech kryl části převodového mechanismu, nebo setrvačníků. Typické je i drobné secesní florální zdobení ve střední části. Dnes se jedná o zajímavý dekorační prvek, vhodný například pro industriální interiéry, sběratelské účely, nebo stylové doplnění sbírek zemědělské historické techniky. Vyčištěno a konzervováno bezbarvým přípravkem.</p>
<p>(výška 17 cm x šířka 27,5 cm)</p>
<p>Masa 1,1 kg.</p>
