{"id":344251,"date":"2026-03-07T19:16:03","date_gmt":"2026-03-07T18:16:03","guid":{"rendered":"https:\/\/lucickymlyn.cz\/?post_type=product&#038;p=344251"},"modified":"2026-07-11T08:25:46","modified_gmt":"2026-07-11T06:25:46","slug":"stredne-vetsi-mosazny-hmozdir-jemna-ucha-empir-biedermeier","status":"publish","type":"product","link":"https:\/\/lucickymlyn.cz\/pl\/shop\/stredne-vetsi-mosazny-hmozdir-jemna-ucha-empir-biedermeier\/","title":{"rendered":"\u015aredniej wielko\u015bci i rzadziej spotykany zabytkowy mo\u017adzierz mosi\u0119\u017cny z wyra\u017anie delikatniejszymi i wi\u0119kszymi fasetowanymi uchwytami oraz oryginalnym, zdobionym r\u0119cznie stoczonym t\u0142uczkiem \u2013 Czechy pocz\u0105tek XIX w."},"content":{"rendered":"","protected":false},"excerpt":{"rendered":"<p>Tento hmo\u017ed\u00ed\u0159 p\u0159edstavuje vynikaj\u00edc\u00ed uk\u00e1zku tehdej\u0161\u00ed kovoliteck\u00e9 tvorby a jej\u00ed strohou geometrickou v\u00fdzdobu na lehce zes\u00edlen\u00e9m prstenci v centr\u00e1ln\u00ed \u010d\u00e1sti. M\u00edsty robustn\u00ed ale v horn\u00ed \u010d\u00e1sti slabost\u011bnn\u00e9 t\u011blo, bylo odlito a n\u00e1sledn\u011b soustru\u017eeno do elegantn\u011b k\u00f3nick\u00e9ho tvaru s klasick\u00fdm horizont\u00e1ln\u00edm prstencov\u00fdm \u010dlen\u011bn\u00edm. Pali\u010dka se t\u00e9\u017e dob\u0159e zachovala a m\u00e1 povrch ve st\u0159edn\u00ed \u010d\u00e1sti plasticky o\u017eiven\u00fd, stup\u0148ovitou oblou\u010dkovou profilac\u00ed, pe\u010dliv\u011b roz\u010dlen\u011bn\u00fd plastickou profilac\u00ed i jemn\u011b ryt\u00fdmi obvodov\u00fdmi prstenci. Siln\u00e9, miskovit\u011b prohlouben\u00e9 dno hmo\u017ed\u00ed\u0159e, zaji\u0161\u0165uje mimo\u0159\u00e1dnou stabilitu a odolnost v\u016f\u010di dlouhodob\u00e9mu u\u017e\u00edv\u00e1n\u00ed, co\u017e neb\u00fdv\u00e1 u star\u0161\u00edch kus\u016f samoz\u0159ejmost\u00ed. D\u00edky tomu se tento exempl\u00e1\u0159 dochoval v mimo\u0159\u00e1dn\u011b dobr\u00e9m stavu, pouze s p\u0159irozen\u00fdmi stopami st\u00e1\u0159\u00ed a dlouhodob\u00e9ho u\u017e\u00edv\u00e1n\u00ed, kter\u00e9 byly zv\u00fdrazn\u011bny citliv\u00fdm p\u0159ele\u0161t\u011bn\u00edm. V\u00fdjime\u010dn\u00fd hmo\u017ed\u00ed\u0159 z obdob\u00ed emp\u00edru \u010di biedermeieru je vhodn\u00fd nejen jako sb\u011bratelsk\u00fd \u010di muzejn\u00ed expon\u00e1t, ale i jako esteticky p\u016fsobiv\u00fd dopln\u011bk historick\u00e9ho interi\u00e9ru. Ve spojen\u00ed s dal\u0161\u00edmi exempl\u00e1\u0159i r\u016fzn\u00e9ho st\u00e1\u0159\u00ed a velikost\u00ed tvo\u0159\u00ed p\u016fsobivou kolekci dokumentuj\u00edc\u00ed v\u00fdvoj u\u017eitn\u00e9ho um\u011bn\u00ed.<\/p>\n<p>(v\u00fd\u0161ka s pali\u010dkou 22 cm, jen hmo\u017ed\u00ed\u0159- v\u00fd\u0161ka 12 cm,pr\u016fm\u011br hrdla 12 cm)<\/p>\n<p>Masa 2,3 kg.<\/p>","protected":false},"featured_media":343862,"template":"","meta":[],"product_brand":[],"product_cat":[118],"product_tag":[],"class_list":{"0":"post-344251","1":"product","2":"type-product","3":"status-publish","4":"has-post-thumbnail","6":"product_cat-starozitne-hmozdire","8":"first","9":"outofstock","10":"shipping-taxable","11":"purchasable","12":"product-type-simple"},"_links":{"self":[{"href":"https:\/\/lucickymlyn.cz\/pl\/wp-json\/wp\/v2\/product\/344251","targetHints":{"allow":["GET"]}}],"collection":[{"href":"https:\/\/lucickymlyn.cz\/pl\/wp-json\/wp\/v2\/product"}],"about":[{"href":"https:\/\/lucickymlyn.cz\/pl\/wp-json\/wp\/v2\/types\/product"}],"wp:featuredmedia":[{"embeddable":true,"href":"https:\/\/lucickymlyn.cz\/pl\/wp-json\/wp\/v2\/media\/343862"}],"wp:attachment":[{"href":"https:\/\/lucickymlyn.cz\/pl\/wp-json\/wp\/v2\/media?parent=344251"}],"wp:term":[{"taxonomy":"product_brand","embeddable":true,"href":"https:\/\/lucickymlyn.cz\/pl\/wp-json\/wp\/v2\/product_brand?post=344251"},{"taxonomy":"product_cat","embeddable":true,"href":"https:\/\/lucickymlyn.cz\/pl\/wp-json\/wp\/v2\/product_cat?post=344251"},{"taxonomy":"product_tag","embeddable":true,"href":"https:\/\/lucickymlyn.cz\/pl\/wp-json\/wp\/v2\/product_tag?post=344251"}],"curies":[{"name":"wp","href":"https:\/\/api.w.org\/{rel}","templated":true}]}}

Średniej wielkości i rzadziej spotykany zabytkowy moździerz mosiężny z wyraźnie delikatniejszymi i większymi fasetowanymi uchwytami oraz oryginalnym, zdobionym ręcznie stoczonym tłuczkiem – Czechy początek XIX w.

<p>Tento hmoždíř představuje vynikající ukázku tehdejší kovolitecké tvorby a její strohou geometrickou výzdobu na lehce zesíleném prstenci v centrální části. Místy robustní ale v horní části slabostěnné tělo, bylo odlito a následně soustruženo do elegantně kónického tvaru s klasickým horizontálním prstencovým členěním. Palička se též dobře zachovala a má povrch ve střední části plasticky oživený, stupňovitou obloučkovou profilací, pečlivě rozčleněný plastickou profilací i jemně rytými obvodovými prstenci. Silné, miskovitě prohloubené dno hmoždíře, zajišťuje mimořádnou stabilitu a odolnost vůči dlouhodobému užívání, což nebývá u starších kusů samozřejmostí. Díky tomu se tento exemplář dochoval v mimořádně dobrém stavu, pouze s přirozenými stopami stáří a dlouhodobého užívání, které byly zvýrazněny citlivým přeleštěním. Výjimečný hmoždíř z období empíru či biedermeieru je vhodný nejen jako sběratelský či muzejní exponát, ale i jako esteticky působivý doplněk historického interiéru. Ve spojení s dalšími exempláři různého stáří a velikostí tvoří působivou kolekci dokumentující vývoj užitného umění.</p>
<p>(výška s paličkou 22 cm, jen hmoždíř- výška 12 cm,průměr hrdla 12 cm)</p>
<p>Masa 2,3 kg.</p>
