{"id":338679,"date":"2025-12-13T19:45:57","date_gmt":"2025-12-13T18:45:57","guid":{"rendered":"https:\/\/lucickymlyn.cz\/?post_type=product&#038;p=338679"},"modified":"2025-12-27T18:45:32","modified_gmt":"2025-12-27T17:45:32","slug":"krasny-a-kvalitni-starozitny-kavovy-mocca-servis-rosenthal","status":"publish","type":"product","link":"https:\/\/lucickymlyn.cz\/pl\/shop\/krasny-a-kvalitni-starozitny-kavovy-mocca-servis-rosenthal\/","title":{"rendered":"Kr\u00e1sn\u00fd a kvalitn\u00ed staro\u017eitn\u00fd k\u00e1vov\u00fd mocca servis z jemn\u00e9ho a b\u00edl\u00e9ho, proti sv\u011btlu lehce pr\u016fsvitn\u00e9ho, porcel\u00e1nu zna\u010deno, Rosenthal &#8211; jemn\u00fd kv\u011btinov\u00fd dekor, Bavorsko cca 1. t\u0159etina 20. stol."},"content":{"rendered":"","protected":false},"excerpt":{"rendered":"<p>Elegantn\u00ed staro\u017eitn\u00fd k\u00e1vov\u00fd servis renomovan\u00e9 n\u011bmeck\u00e9 porcel\u00e1nky Rosenthal, zna\u010den\u00fd Rosenthal \u2013 Bavaria. Souprava poch\u00e1z\u00ed z obdob\u00ed prvn\u00ed t\u0159etiny 20. stolet\u00ed, tedy z doby, kdy Rosenthal pat\u0159il ke \u0161pi\u010dce evropsk\u00e9 porcel\u00e1nov\u00e9 v\u00fdroby a ud\u00e1val t\u00f3n vkusu i kvality. Servis je zhotoven z jemn\u00e9ho b\u00edl\u00e9ho porcel\u00e1nu s decentn\u00edm plastick\u00fdm perlovcov\u00fdm dekorem a ru\u010dn\u011b malovan\u00fdm drobn\u00fdm kv\u011btinov\u00fdm motivem v pastelov\u00fdch odst\u00ednech r\u016f\u017eov\u00e9 a zelen\u00e9. Sou\u010d\u00e1st\u00ed servisu je i kr\u00e1sn\u00fd ov\u00e1ln\u00fd t\u00e1c s jemnou secesn\u00ed stylizac\u00ed dr\u017eadel. Tento serv\u00edrovac\u00ed t\u00e1c m\u00e1 t\u00e9m\u011b\u0159 identick\u00fd vzor, av\u0161ak je zna\u010den\u00fd jinou zna\u010dkou Rosenthal a byl k n\u00ed z\u0159ejm\u011b dokoupen. Celek p\u016fsob\u00ed velmi lehce, kultivovan\u011b a\u017e nad\u010dasov\u011b \u2013 p\u0159esn\u011b ten typ porcel\u00e1nu, kter\u00fd v\u017edy pot\u011b\u0161\u00ed oko v\u00e1m i n\u00e1v\u0161t\u011bv\u011b a p\u0159\u00edjemn\u011b h\u0159eje na du\u0161i. Zna\u010den\u00ed na spodn\u00ed stran\u011b odpov\u00edd\u00e1 produkci z\u00e1vodu Selb (Bavorsko), co\u017e umo\u017e\u0148uje pom\u011brn\u011b p\u0159esn\u00e9 datov\u00e1n\u00ed do obdob\u00ed mezi lety cca 1918\u20131930. Pr\u00e1v\u011b z t\u00e9to doby poch\u00e1z\u00ed \u0159ada velmi kvalitn\u00edch a dnes ji\u017e sb\u011bratelsky vyhled\u00e1van\u00fdch servis\u016f Rosenthal. Souprava je vhodn\u00e1 jak ke skute\u010dn\u00e9mu u\u017e\u00edv\u00e1n\u00ed (samoz\u0159ejm\u011b s ohledem na st\u00e1\u0159\u00ed), tak p\u0159edev\u0161\u00edm jako reprezentativn\u00ed dekorace, p\u0159\u00edpadn\u011b dopln\u011bk interi\u00e9ru ve stylu prvn\u00ed republiky, art-deco \u010di klasick\u00e9ho salonu. Skv\u011ble obstoj\u00ed i ve vitr\u00edn\u011b sb\u011bratele zna\u010dkov\u00e9ho porcel\u00e1nu. Velmi dobr\u00fd stav zcela bez po\u0161kozen\u00ed. Pouze velmi slab\u00fd a t\u00e9m\u011b\u0159 nepost\u0159ehnuteln\u00fd povrchov\u00fd ot\u011br. Kter\u00fd neru\u0161\u00ed celkov\u00fd dojem a sp\u00ed\u0161e potvrzuj\u00ed autenticitu a historii soupravy. Stav viz foto.<\/p>\n<p>(t\u00e1c &#8211; 50 cm x 35 cm, konvi\u010dku &#8211; v\u00fd\u0161ka 17 cm, \u0161\u00e1lek &#8211; 4 cm, pr\u016fm\u011br hrdla 6,5 cm)<\/p>\n<p>Hmotnost 2,8 kg\/komplet.<\/p>","protected":false},"featured_media":338463,"template":"","meta":[],"product_brand":[],"product_cat":[70],"product_tag":[],"class_list":{"0":"post-338679","1":"product","2":"type-product","3":"status-publish","4":"has-post-thumbnail","6":"product_cat-starozitny-porcelan","8":"first","9":"outofstock","10":"shipping-taxable","11":"purchasable","12":"product-type-simple"},"_links":{"self":[{"href":"https:\/\/lucickymlyn.cz\/pl\/wp-json\/wp\/v2\/product\/338679","targetHints":{"allow":["GET"]}}],"collection":[{"href":"https:\/\/lucickymlyn.cz\/pl\/wp-json\/wp\/v2\/product"}],"about":[{"href":"https:\/\/lucickymlyn.cz\/pl\/wp-json\/wp\/v2\/types\/product"}],"wp:featuredmedia":[{"embeddable":true,"href":"https:\/\/lucickymlyn.cz\/pl\/wp-json\/wp\/v2\/media\/338463"}],"wp:attachment":[{"href":"https:\/\/lucickymlyn.cz\/pl\/wp-json\/wp\/v2\/media?parent=338679"}],"wp:term":[{"taxonomy":"product_brand","embeddable":true,"href":"https:\/\/lucickymlyn.cz\/pl\/wp-json\/wp\/v2\/product_brand?post=338679"},{"taxonomy":"product_cat","embeddable":true,"href":"https:\/\/lucickymlyn.cz\/pl\/wp-json\/wp\/v2\/product_cat?post=338679"},{"taxonomy":"product_tag","embeddable":true,"href":"https:\/\/lucickymlyn.cz\/pl\/wp-json\/wp\/v2\/product_tag?post=338679"}],"curies":[{"name":"wp","href":"https:\/\/api.w.org\/{rel}","templated":true}]}}

Krásný a kvalitní starožitný kávový mocca servis z jemného a bílého, proti světlu lehce průsvitného, porcelánu značeno, Rosenthal &#8211; jemný květinový dekor, Bavorsko cca 1. třetina 20. stol.

<p>Elegantní starožitný kávový servis renomované německé porcelánky Rosenthal, značený Rosenthal – Bavaria. Souprava pochází z období první třetiny 20. století, tedy z doby, kdy Rosenthal patřil ke špičce evropské porcelánové výroby a udával tón vkusu i kvality. Servis je zhotoven z jemného bílého porcelánu s decentním plastickým perlovcovým dekorem a ručně malovaným drobným květinovým motivem v pastelových odstínech růžové a zelené. Součástí servisu je i krásný oválný tác s jemnou secesní stylizací držadel. Tento servírovací tác má téměř identický vzor, avšak je značený jinou značkou Rosenthal a byl k ní zřejmě dokoupen. Celek působí velmi lehce, kultivovaně až nadčasově – přesně ten typ porcelánu, který vždy potěší oko vám i návštěvě a příjemně hřeje na duši. Značení na spodní straně odpovídá produkci závodu Selb (Bavorsko), což umožňuje poměrně přesné datování do období mezi lety cca 1918–1930. Právě z této doby pochází řada velmi kvalitních a dnes již sběratelsky vyhledávaných servisů Rosenthal. Souprava je vhodná jak ke skutečnému užívání (samozřejmě s ohledem na stáří), tak především jako reprezentativní dekorace, případně doplněk interiéru ve stylu první republiky, art-deco či klasického salonu. Skvěle obstojí i ve vitríně sběratele značkového porcelánu. Velmi dobrý stav zcela bez poškození. Pouze velmi slabý a téměř nepostřehnutelný povrchový otěr. Který neruší celkový dojem a spíše potvrzují autenticitu a historii soupravy. Stav viz foto.</p>
<p>(tác &#8211; 50 cm x 35 cm, konvičku &#8211; výška 17 cm, šálek &#8211; 4 cm, průměr hrdla 6,5 cm)</p>
<p>Hmotnost 2,8 kg/komplet.</p>
