{"id":338667,"date":"2025-12-13T18:31:53","date_gmt":"2025-12-13T17:31:53","guid":{"rendered":"https:\/\/lucickymlyn.cz\/?post_type=product&#038;p=338667"},"modified":"2025-12-27T18:46:29","modified_gmt":"2025-12-27T17:46:29","slug":"mensi-a-velmi-zdarila-soska-volavky-emil-stefan-slavkov","status":"publish","type":"product","link":"https:\/\/lucickymlyn.cz\/pl\/shop\/mensi-a-velmi-zdarila-soska-volavky-emil-stefan-slavkov\/","title":{"rendered":"Niewielka, bardzo udana figurka \u201eCzapli\u201c z bia\u0142ej porcelany, sygnowana \u2013 Emil Stefan, Slavkov, 1935\u20131940"},"content":{"rendered":"","protected":false},"excerpt":{"rendered":"<p>Jemn\u00e1 a mimo\u0159\u00e1dn\u011b p\u016fsobiv\u00e1 porcel\u00e1nov\u00e1 plastika b\u00edl\u00e9 volavky z meziv\u00e1le\u010dn\u00e9 produkce porcel\u00e1nky Schlaggenwald (Slavkov), vytvo\u0159en\u00e1 podle autorsk\u00e9ho n\u00e1vrhu Emila Stefana. Typick\u00fd p\u0159\u00edklad kvalitn\u00ed \u010deskoslovensk\u00e9 figur\u00e1ln\u00ed tvorby 30. let, kde se setk\u00e1v\u00e1 vyzr\u00e1l\u00fd cit pro p\u0159\u00edrodu s elegantn\u00ed siluetou dotvo\u0159enou precizn\u00ed modelac\u00ed s kr\u00e1sn\u00fdmi detaily. So\u0161ku v leskl\u00e9m b\u00edl\u00e9m porcel\u00e1nu, elegantn\u011b vyn\u00e1\u0161\u00ed men\u0161\u00ed podstava je\u017e p\u0159edstavuje drobn\u00fd ostr\u016fvek s bujnou vegetac\u00ed. K optick\u00e9mu odleh\u010den\u00ed a estetick\u00e9mu zhodnocen\u00ed d\u00edlka, n\u00e1padit\u011b slou\u017e\u00ed rokokov\u011b lad\u011bn\u00e9 r\u00e1mov\u00e1n\u00ed spodn\u00edho okraje, je\u017e podtrhuje celkovou ladnost. Dynamick\u00e1 p\u00f3za, plasticky propracovan\u00e9 pe\u0159\u00ed a kultivovan\u00fd v\u00fdraz, d\u011blaj\u00ed z t\u00e9to so\u0161ky nad\u010dasovou dekoraci i sb\u011bratelsky atraktivn\u00ed objekt. Zna\u010deno p\u016fvodn\u00ed tov\u00e1rn\u00ed zna\u010dkou Schlaggenwald \u2013 Made in Czechoslovakia, model dolo\u017een v odborn\u00e9 literatu\u0159e. Velmi dobr\u00fd p\u016fvodn\u00ed stav bez po\u0161kozen\u00ed.<\/p>\n<p>(v\u00fd\u0161ka 18,8 cm, pr\u016fm\u011br podstavy 6,5 cm)<\/p>\n<p>Masa 0,1 kg.<\/p>","protected":false},"featured_media":338631,"template":"","meta":[],"product_brand":[],"product_cat":[72],"product_tag":[],"class_list":{"0":"post-338667","1":"product","2":"type-product","3":"status-publish","4":"has-post-thumbnail","6":"product_cat-starozitne-sosky","8":"first","9":"instock","10":"shipping-taxable","11":"purchasable","12":"product-type-simple"},"_links":{"self":[{"href":"https:\/\/lucickymlyn.cz\/pl\/wp-json\/wp\/v2\/product\/338667","targetHints":{"allow":["GET"]}}],"collection":[{"href":"https:\/\/lucickymlyn.cz\/pl\/wp-json\/wp\/v2\/product"}],"about":[{"href":"https:\/\/lucickymlyn.cz\/pl\/wp-json\/wp\/v2\/types\/product"}],"wp:featuredmedia":[{"embeddable":true,"href":"https:\/\/lucickymlyn.cz\/pl\/wp-json\/wp\/v2\/media\/338631"}],"wp:attachment":[{"href":"https:\/\/lucickymlyn.cz\/pl\/wp-json\/wp\/v2\/media?parent=338667"}],"wp:term":[{"taxonomy":"product_brand","embeddable":true,"href":"https:\/\/lucickymlyn.cz\/pl\/wp-json\/wp\/v2\/product_brand?post=338667"},{"taxonomy":"product_cat","embeddable":true,"href":"https:\/\/lucickymlyn.cz\/pl\/wp-json\/wp\/v2\/product_cat?post=338667"},{"taxonomy":"product_tag","embeddable":true,"href":"https:\/\/lucickymlyn.cz\/pl\/wp-json\/wp\/v2\/product_tag?post=338667"}],"curies":[{"name":"wp","href":"https:\/\/api.w.org\/{rel}","templated":true}]}}

Niewielka, bardzo udana figurka „Czapli“ z białej porcelany, sygnowana – Emil Stefan, Slavkov, 1935–1940

<p>Jemná a mimořádně působivá porcelánová plastika bílé volavky z meziválečné produkce porcelánky Schlaggenwald (Slavkov), vytvořená podle autorského návrhu Emila Stefana. Typický příklad kvalitní československé figurální tvorby 30. let, kde se setkává vyzrálý cit pro přírodu s elegantní siluetou dotvořenou precizní modelací s krásnými detaily. Sošku v lesklém bílém porcelánu, elegantně vynáší menší podstava jež představuje drobný ostrůvek s bujnou vegetací. K optickému odlehčení a estetickému zhodnocení dílka, nápaditě slouží rokokově laděné rámování spodního okraje, jež podtrhuje celkovou ladnost. Dynamická póza, plasticky propracované peří a kultivovaný výraz, dělají z této sošky nadčasovou dekoraci i sběratelsky atraktivní objekt. Značeno původní tovární značkou Schlaggenwald – Made in Czechoslovakia, model doložen v odborné literatuře. Velmi dobrý původní stav bez poškození.</p>
<p>(výška 18,8 cm, průměr podstavy 6,5 cm)</p>
<p>Masa 0,1 kg.</p>
