{"id":331730,"date":"2025-09-06T20:18:30","date_gmt":"2025-09-06T18:18:30","guid":{"rendered":"https:\/\/lucickymlyn.cz\/?post_type=product&#038;p=331730"},"modified":"2025-11-15T18:18:17","modified_gmt":"2025-11-15T17:18:17","slug":"starozitny-jidelni-servis-z-vyhlasene-porcelanky-adolf-persch","status":"publish","type":"product","link":"https:\/\/lucickymlyn.cz\/pl\/shop\/starozitny-jidelni-servis-z-vyhlasene-porcelanky-adolf-persch\/","title":{"rendered":"Vkusn\u00fd a elegantn\u00ed, emp\u00edrov\u011b lad\u011bn\u00fd, staro\u017eitn\u00fd j\u00eddeln\u00ed servis z vyhl\u00e1\u0161en\u00e9 porcel\u00e1nky Adolf Persch Loket, kvalitn\u011b vyroben\u00fd kolem roku 1920"},"content":{"rendered":"","protected":false},"excerpt":{"rendered":"<p>Pouze sv\u00e1te\u010dn\u011b pou\u017e\u00edvan\u00fd, m\u011b\u0161\u0165ansk\u00fd j\u00eddeln\u00ed servis, byl navr\u017een v osv\u011bd\u010den\u00e9m a u\u0161lechtil\u00e9m, klasicizuj\u00edc\u00edm duchu. Sn\u011bhov\u011b b\u00edl\u00fd porcel\u00e1n je jemn\u011b dekorovan\u00fd kobaltov\u011b modr\u00fdm lemem, jen\u017e je zv\u00fdrazn\u011bn zlatou linkou a ornament\u00e1ln\u00edmi detaily. Velmi dob\u0159e zachoval\u00fd servis je pouze decentn\u011b zdoben\u00fd, ale d\u00edky tvarov\u00e9 vyt\u0159\u00edbenosti i reprezentativn\u00ed. Kvalita, st\u0159\u00eddmost a vlastn\u00ed styl, to pln\u011b odpov\u00edd\u00e1 tehdej\u0161\u00edmu vkusu prvn\u00ed republiky. Sou\u010d\u00e1st\u00ed soupravy je pol\u00e9vkov\u00e1 m\u00edsa s v\u00edkem, om\u00e1\u010dn\u00edk, kulat\u00e1 i \u010dtvercov\u00e1 serv\u00edrovac\u00ed m\u00edsa, 12 hlubok\u00fdch tal\u00ed\u0159\u016f, 24 m\u011blk\u00fdch tal\u00ed\u0159\u016f a 12 men\u0161\u00edch dezertn\u00edch tal\u00ed\u0159k\u016f. Zna\u010dka \u201ePersch, Made in Czechoslovakia\u201c dokl\u00e1d\u00e1 p\u016fvod v renomovan\u00e9 porcel\u00e1nce, jej\u00ed\u017e produkce si nach\u00e1zela odbyt i v zahrani\u010d\u00ed. Staro\u017eitn\u00fd servis se dochoval v p\u011bkn\u00e9m, pln\u011b u\u017eivateln\u00e9m stavu a p\u016fsob\u00ed velmi noblesn\u011b jak na slavnostn\u00edm stole, tak i v interi\u00e9ru, kde vynikne i jeho historick\u00e1 hodnota.<\/p>\n<p>(pol\u00e9vkov\u00e1 m\u00edsa &#8211; v\u00fd\u0161ka 25 cm x 30 cm x 25 cm)<\/p>\n<p>Preferujeme osobn\u00ed odb\u011br nebo na\u0161i dopravu Full-servis.<\/p>","protected":false},"featured_media":331548,"template":"","meta":[],"product_brand":[],"product_cat":[70],"product_tag":[],"class_list":{"0":"post-331730","1":"product","2":"type-product","3":"status-publish","4":"has-post-thumbnail","6":"product_cat-starozitny-porcelan","7":"product_shipping_class-d-full-servis","9":"first","10":"outofstock","11":"shipping-taxable","12":"purchasable","13":"product-type-simple"},"_links":{"self":[{"href":"https:\/\/lucickymlyn.cz\/pl\/wp-json\/wp\/v2\/product\/331730","targetHints":{"allow":["GET"]}}],"collection":[{"href":"https:\/\/lucickymlyn.cz\/pl\/wp-json\/wp\/v2\/product"}],"about":[{"href":"https:\/\/lucickymlyn.cz\/pl\/wp-json\/wp\/v2\/types\/product"}],"wp:featuredmedia":[{"embeddable":true,"href":"https:\/\/lucickymlyn.cz\/pl\/wp-json\/wp\/v2\/media\/331548"}],"wp:attachment":[{"href":"https:\/\/lucickymlyn.cz\/pl\/wp-json\/wp\/v2\/media?parent=331730"}],"wp:term":[{"taxonomy":"product_brand","embeddable":true,"href":"https:\/\/lucickymlyn.cz\/pl\/wp-json\/wp\/v2\/product_brand?post=331730"},{"taxonomy":"product_cat","embeddable":true,"href":"https:\/\/lucickymlyn.cz\/pl\/wp-json\/wp\/v2\/product_cat?post=331730"},{"taxonomy":"product_tag","embeddable":true,"href":"https:\/\/lucickymlyn.cz\/pl\/wp-json\/wp\/v2\/product_tag?post=331730"}],"curies":[{"name":"wp","href":"https:\/\/api.w.org\/{rel}","templated":true}]}}

Vkusný a elegantní, empírově laděný, starožitný jídelní servis z vyhlášené porcelánky Adolf Persch Loket, kvalitně vyrobený kolem roku 1920

<p>Pouze svátečně používaný, měšťanský jídelní servis, byl navržen v osvědčeném a ušlechtilém, klasicizujícím duchu. Sněhově bílý porcelán je jemně dekorovaný kobaltově modrým lemem, jenž je zvýrazněn zlatou linkou a ornamentálními detaily. Velmi dobře zachovalý servis je pouze decentně zdobený, ale díky tvarové vytříbenosti i reprezentativní. Kvalita, střídmost a vlastní styl, to plně odpovídá tehdejšímu vkusu první republiky. Součástí soupravy je polévková mísa s víkem, omáčník, kulatá i čtvercová servírovací mísa, 12 hlubokých talířů, 24 mělkých talířů a 12 menších dezertních talířků. Značka „Persch, Made in Czechoslovakia“ dokládá původ v renomované porcelánce, jejíž produkce si nacházela odbyt i v zahraničí. Starožitný servis se dochoval v pěkném, plně uživatelném stavu a působí velmi noblesně jak na slavnostním stole, tak i v interiéru, kde vynikne i jeho historická hodnota.</p>
<p>(polévková mísa &#8211; výška 25 cm x 30 cm x 25 cm)</p>
<p>Preferujeme osobní odběr nebo naši dopravu Full-servis.</p>
