{"id":324042,"date":"2025-05-03T18:48:25","date_gmt":"2025-05-03T16:48:25","guid":{"rendered":"https:\/\/lucickymlyn.cz\/?post_type=product&#038;p=324042"},"modified":"2025-05-10T20:25:36","modified_gmt":"2025-05-10T18:25:36","slug":"historicky-cajovy-servis-pavel-janak","status":"publish","type":"product","link":"https:\/\/lucickymlyn.cz\/pl\/shop\/historicky-cajovy-servis-pavel-janak\/","title":{"rendered":"Historick\u00fd \u010dajov\u00fd servis ve vrcholn\u011b kubistick\u00e9m stylu, dnes ji\u017e velmi cen\u011bn\u00fd n\u00e1vrh Pavla Jan\u00e1ka z obdob\u00ed okolo r. 1920, vyrobila porcel\u00e1nka J. Schnabel-Desn\u00e1, mal\u00edrna Flekna &#038; Str\u00e1dal v Semilech"},"content":{"rendered":"","protected":false},"excerpt":{"rendered":"<p>Unik\u00e1tn\u00ed porcel\u00e1nov\u00e1 souprava pro \u0161est osob, V\u00e1s jist\u011b upout\u00e1 v\u00fdrazn\u00fdm geometrick\u00fdm dekorem, inspirovan\u00fdm lidov\u00fdm ornamentem. Pest\u0159e malovan\u00e1 a v\u00fdrazn\u011b hran\u011bn\u00e1 kolekce, byla navr\u017een\u00e1 architektem a design\u00e9rem Pavlem Jan\u00e1kem pro porcel\u00e1nku J. Schnabel v Desn\u00e9. Souprava sest\u00e1v\u00e1 z konvice, cuk\u0159enky, \u0161esti \u0161\u00e1lk\u016f s pod\u0161\u00e1lky a ml\u00e9\u010denky. Dekorace ve stylu dozn\u00edvaj\u00edc\u00edho kubismu, poutav\u011b odr\u00e1\u017e\u00ed Jan\u00e1k\u016fv p\u0159\u00edstup k transformaci tradi\u010dn\u00edch motiv\u016f do radik\u00e1ln\u011b modern\u00ed formy. Jednotliv\u00e9 \u010d\u00e1sti souboru jsou zna\u010deny \u010d\u00edslem 88 a nesou i n\u00e1pis Czechoslovakia, spolu se znakem porcel\u00e1nky J. Schnabel. Zna\u010den\u00ed \u201e88 Czechoslovakia\u201c se vztahuje k exportn\u00edmu syst\u00e9mu, pou\u017e\u00edvan\u00e9mu v meziv\u00e1le\u010dn\u00e9m obdob\u00ed. \u010c\u00edslo 88 ozna\u010duje konkr\u00e9tn\u00ed v\u00fdrobn\u00ed z\u00e1vod, v tomto p\u0159\u00edpad\u011b porcel\u00e1nku J. Schnabel v Desn\u00e9. V\u00fdroba byla orientov\u00e1na p\u0159edev\u0161\u00edm na v\u00fdvoz, zejm\u00e9na do USA a z\u00e1padn\u00ed Evropy. Tato zna\u010dka tak p\u0159edstavuje nejen v\u00fdrobn\u00ed p\u016fvod, ale i doklad exportn\u00edho \u00fasp\u011bchu \u010desk\u00e9ho designu. Porcel\u00e1nka J. Schnabel, Desn\u00e1 vznikla na konci 19. stolet\u00ed v oblasti s bohatou skl\u00e1\u0159skou a keramickou tradic\u00ed. B\u011bhem 20. let 20. stolet\u00ed, spolupracovala s v\u00fdznamn\u00fdmi v\u00fdtvarn\u00edky a architekty, co\u017e vedlo k produkci progresivn\u00edho porcel\u00e1nu v duchu kubismu, stylu art deco a moderny. \u00dasp\u011b\u0161n\u00e1 firma zanikla po zn\u00e1rodn\u011bn\u00ed v roce 1945 a jej\u00ed provoz p\u0159e\u0161el pod nov\u011b vznikl\u00e9 n\u00e1rodn\u00ed podniky.<\/p>\n<p>Barevn\u00fd dekor byl ru\u010dn\u011b proveden v renomovan\u00e9 mal\u00edrn\u011b Flekna &amp; Str\u00e1dal Semily, kter\u00e1 se specializovala na dekorov\u00e1n\u00ed porcel\u00e1nu pro r\u016fzn\u00e9 severo\u010desk\u00e9 v\u00fdrobce a exportn\u00ed zak\u00e1zky. Jej\u00ed zna\u010dka na spodn\u00ed stran\u011b potvrzuje, \u017ee dekorace byla aplikov\u00e1na extern\u011b, mimo samotnou porcel\u00e1nku, jak bylo b\u011b\u017enou prax\u00ed u luxusn\u00edch, nebo v\u00fdtvarn\u011b n\u00e1ro\u010dn\u011bj\u0161\u00edch sad. Tento servis je skv\u011bl\u00fdm p\u0159\u00edkladem spolupr\u00e1ce \u0161pi\u010dkov\u00e9ho n\u00e1vrh\u00e1\u0159e \u010desk\u00e9ho kubismu, kvalitn\u00ed porcel\u00e1nky a tradi\u010dn\u00ed mal\u00edrny. I po v\u00edce jak stu letech m\u00e1 servis sv\u016fj sv\u011b\u017e\u00ed a osobit\u00fd styl, kter\u00fd je uk\u00e1zkou estetiky ran\u00fdch dvac\u00e1t\u00fdch let.<\/p>\n<p>Architekt a n\u00e1vrh\u00e1\u0159 Pavel Jan\u00e1k (1882\u20131956) pat\u0159\u00ed k nejv\u00fdrazn\u011bj\u0161\u00edm osobnostem \u010desk\u00e9ho modern\u00edho hnut\u00ed. Jako hlavn\u00ed p\u0159edstavitel \u010desk\u00e9ho kubismu v architektu\u0159e i designu, usiloval o nov\u00fd n\u00e1rodn\u00ed styl \u2013 kombinuj\u00edc\u00ed p\u0159\u00edsnou geometrii, ornament a lok\u00e1ln\u00ed tradici. Navrhl mimo jin\u00e9 slavn\u00fd kubistick\u00fd d\u016fm Diamant v Praze, ikonick\u00fd n\u00e1bytek, keramiku a dal\u0161\u00ed interi\u00e9rov\u00e9 dopl\u0148ky. Po vzniku republiky p\u016fsobil jako hlavn\u00ed architekt Pra\u017esk\u00e9ho hradu a v\u00fdznamn\u011b ovlivnil i podobu funkcionalismu ve 30. letech.<\/p>\n<p>N\u00e1\u0161 okouzluj\u00edc\u00ed servis se zachoval ve velmi dobr\u00e9m stavu a m\u00e1 pouze jeden, velmi drobn\u00fd okrajov\u00fd o\u0165uk \u0161\u00e1lku, kter\u00fd byl ji\u017e opraven\u00fd.<\/p>\n<p>(Konvi\u010dka &#8211; v\u00fd\u0161ka 23 cm, \u0161\u00e1lek &#8211; v\u00fd\u0161ka 7,5 cm, pr\u016fm\u011br hrdla 8,5 cm)<\/p>\n<p>Hmotnost 2,8 kg\/sada.<\/p>","protected":false},"featured_media":323783,"template":"","meta":[],"product_brand":[],"product_cat":[70,208],"product_tag":[],"class_list":{"0":"post-324042","1":"product","2":"type-product","3":"status-publish","4":"has-post-thumbnail","6":"product_cat-starozitny-porcelan","7":"product_cat-darky","9":"first","10":"outofstock","11":"shipping-taxable","12":"purchasable","13":"product-type-simple"},"_links":{"self":[{"href":"https:\/\/lucickymlyn.cz\/pl\/wp-json\/wp\/v2\/product\/324042","targetHints":{"allow":["GET"]}}],"collection":[{"href":"https:\/\/lucickymlyn.cz\/pl\/wp-json\/wp\/v2\/product"}],"about":[{"href":"https:\/\/lucickymlyn.cz\/pl\/wp-json\/wp\/v2\/types\/product"}],"wp:featuredmedia":[{"embeddable":true,"href":"https:\/\/lucickymlyn.cz\/pl\/wp-json\/wp\/v2\/media\/323783"}],"wp:attachment":[{"href":"https:\/\/lucickymlyn.cz\/pl\/wp-json\/wp\/v2\/media?parent=324042"}],"wp:term":[{"taxonomy":"product_brand","embeddable":true,"href":"https:\/\/lucickymlyn.cz\/pl\/wp-json\/wp\/v2\/product_brand?post=324042"},{"taxonomy":"product_cat","embeddable":true,"href":"https:\/\/lucickymlyn.cz\/pl\/wp-json\/wp\/v2\/product_cat?post=324042"},{"taxonomy":"product_tag","embeddable":true,"href":"https:\/\/lucickymlyn.cz\/pl\/wp-json\/wp\/v2\/product_tag?post=324042"}],"curies":[{"name":"wp","href":"https:\/\/api.w.org\/{rel}","templated":true}]}}

Historický čajový servis ve vrcholně kubistickém stylu, dnes již velmi ceněný návrh Pavla Janáka z období okolo r. 1920, vyrobila porcelánka J. Schnabel-Desná, malírna Flekna &#038; Strádal v Semilech

<p>Unikátní porcelánová souprava pro šest osob, Vás jistě upoutá výrazným geometrickým dekorem, inspirovaným lidovým ornamentem. Pestře malovaná a výrazně hraněná kolekce, byla navržená architektem a designérem Pavlem Janákem pro porcelánku J. Schnabel v Desné. Souprava sestává z konvice, cukřenky, šesti šálků s podšálky a mléčenky. Dekorace ve stylu doznívajícího kubismu, poutavě odráží Janákův přístup k transformaci tradičních motivů do radikálně moderní formy. Jednotlivé části souboru jsou značeny číslem 88 a nesou i nápis Czechoslovakia, spolu se znakem porcelánky J. Schnabel. Značení „88 Czechoslovakia“ se vztahuje k exportnímu systému, používanému v meziválečném období. Číslo 88 označuje konkrétní výrobní závod, v tomto případě porcelánku J. Schnabel v Desné. Výroba byla orientována především na vývoz, zejména do USA a západní Evropy. Tato značka tak představuje nejen výrobní původ, ale i doklad exportního úspěchu českého designu. Porcelánka J. Schnabel, Desná vznikla na konci 19. století v oblasti s bohatou sklářskou a keramickou tradicí. Během 20. let 20. století, spolupracovala s významnými výtvarníky a architekty, což vedlo k produkci progresivního porcelánu v duchu kubismu, stylu art deco a moderny. Úspěšná firma zanikla po znárodnění v roce 1945 a její provoz přešel pod nově vzniklé národní podniky.</p>
<p>Barevný dekor byl ručně proveden v renomované malírně Flekna &amp; Strádal Semily, která se specializovala na dekorování porcelánu pro různé severočeské výrobce a exportní zakázky. Její značka na spodní straně potvrzuje, že dekorace byla aplikována externě, mimo samotnou porcelánku, jak bylo běžnou praxí u luxusních, nebo výtvarně náročnějších sad. Tento servis je skvělým příkladem spolupráce špičkového návrháře českého kubismu, kvalitní porcelánky a tradiční malírny. I po více jak stu letech má servis svůj svěží a osobitý styl, který je ukázkou estetiky raných dvacátých let.</p>
<p>Architekt a návrhář Pavel Janák (1882–1956) patří k nejvýraznějším osobnostem českého moderního hnutí. Jako hlavní představitel českého kubismu v architektuře i designu, usiloval o nový národní styl – kombinující přísnou geometrii, ornament a lokální tradici. Navrhl mimo jiné slavný kubistický dům Diamant v Praze, ikonický nábytek, keramiku a další interiérové doplňky. Po vzniku republiky působil jako hlavní architekt Pražského hradu a významně ovlivnil i podobu funkcionalismu ve 30. letech.</p>
<p>Náš okouzlující servis se zachoval ve velmi dobrém stavu a má pouze jeden, velmi drobný okrajový oťuk šálku, který byl již opravený.</p>
<p>(Konvička &#8211; výška 23 cm, šálek &#8211; výška 7,5 cm, průměr hrdla 8,5 cm)</p>
<p>Hmotnost 2,8 kg/sada.</p>
