{"id":323659,"date":"2025-04-26T16:39:37","date_gmt":"2025-04-26T14:39:37","guid":{"rendered":"https:\/\/lucickymlyn.cz\/?post_type=product&#038;p=323659"},"modified":"2025-05-03T20:30:57","modified_gmt":"2025-05-03T18:30:57","slug":"sada-luxusnich-sklenic-z-brouseneho-a-cireho-kristaloveho-skla","status":"publish","type":"product","link":"https:\/\/lucickymlyn.cz\/pl\/shop\/sada-luxusnich-sklenic-z-brouseneho-a-cireho-kristaloveho-skla\/","title":{"rendered":"Zestaw luksusowych szklanek 6+6 wykonanych z r\u0119cznie szlifowanego, przezroczystego kryszta\u0142u, ozdobionych dwunastoma w\u0105skimi fasetami, utrzymanych w wyrafinowanym i urzekaj\u0105cym stylu ART-DECO"},"content":{"rendered":"","protected":false},"excerpt":{"rendered":"<p>Elegantn\u00ed sada celkem dvan\u00e1cti sklenic, lehce rozev\u0159en\u00e9ho tvaru, kter\u00e1 m\u00e1 vnit\u0159n\u00ed kruhov\u011b hladk\u00fd povrch, ale vn\u011bj\u0161\u00ed pl\u00e1\u0161\u0165 dle barokn\u00ed tradice, ji\u017e poutav\u011b o\u017eiven\u00fd \u00fazce hran\u011bn\u00fdm a obvodov\u011b symetrick\u00fdm fazetov\u00fdm dekorem. \u0160est men\u0161\u00edch skleni\u010dek na vodu, lik\u00e9r \u010di aperitiv a \u0161est vy\u0161\u0161\u00edch sklenek, ide\u00e1ln\u00edch na limon\u00e1du, pivo nebo vinn\u00fd st\u0159ik. Tvarov\u00e1n\u00ed s plynul\u00fdm a elegantn\u00edm roz\u0161\u00ed\u0159en\u00edm sm\u011brem vzh\u016fru p\u0159ipom\u00edn\u00e1 kalich kv\u011btu a dod\u00e1v\u00e1 cel\u00e9 sad\u011b jakousi kv\u011btinovou lehkost. Sklenice jsou nejsp\u00ed\u0161e \u010desk\u00e9 provenience typu Moser, vyroben\u00e9 z kvalitn\u00edho \u010dir\u00e9ho skla s ost\u0159e brou\u0161en\u00fdmi a le\u0161t\u011bn\u00fdmi hranami i velmi p\u0159\u00edjemn\u00fdm optick\u00fdm efektem. V\u0161echny sklenice jsou ve velmi p\u011bkn\u00e9m stavu, zcela bez po\u0161kozen\u00ed. Okouzluj\u00edc\u00ed a nad\u010dasov\u00fd design, kter\u00fd se hod\u00ed nejen ke sv\u00e1te\u010dn\u00ed tabuli a posezen\u00ed s p\u0159\u00e1teli.<\/p>\n<p>(v\u00fd\u0161ka 13,5 cm a 10 cm, pr\u016fm\u011br hrdla 8,4 cm)<\/p>\n<p>Hmotnost 2,9 kg\/ komplet.<\/p>\n<p>Uveden\u00e1 cena je za celou sadu.<\/p>","protected":false},"featured_media":323541,"template":"","meta":[],"product_brand":[],"product_cat":[102,208],"product_tag":[],"class_list":{"0":"post-323659","1":"product","2":"type-product","3":"status-publish","4":"has-post-thumbnail","6":"product_cat-starozitne-sklo","7":"product_cat-darky","9":"first","10":"instock","11":"shipping-taxable","12":"purchasable","13":"product-type-simple"},"_links":{"self":[{"href":"https:\/\/lucickymlyn.cz\/pl\/wp-json\/wp\/v2\/product\/323659","targetHints":{"allow":["GET"]}}],"collection":[{"href":"https:\/\/lucickymlyn.cz\/pl\/wp-json\/wp\/v2\/product"}],"about":[{"href":"https:\/\/lucickymlyn.cz\/pl\/wp-json\/wp\/v2\/types\/product"}],"wp:featuredmedia":[{"embeddable":true,"href":"https:\/\/lucickymlyn.cz\/pl\/wp-json\/wp\/v2\/media\/323541"}],"wp:attachment":[{"href":"https:\/\/lucickymlyn.cz\/pl\/wp-json\/wp\/v2\/media?parent=323659"}],"wp:term":[{"taxonomy":"product_brand","embeddable":true,"href":"https:\/\/lucickymlyn.cz\/pl\/wp-json\/wp\/v2\/product_brand?post=323659"},{"taxonomy":"product_cat","embeddable":true,"href":"https:\/\/lucickymlyn.cz\/pl\/wp-json\/wp\/v2\/product_cat?post=323659"},{"taxonomy":"product_tag","embeddable":true,"href":"https:\/\/lucickymlyn.cz\/pl\/wp-json\/wp\/v2\/product_tag?post=323659"}],"curies":[{"name":"wp","href":"https:\/\/api.w.org\/{rel}","templated":true}]}}

Zestaw luksusowych szklanek 6+6 wykonanych z ręcznie szlifowanego, przezroczystego kryształu, ozdobionych dwunastoma wąskimi fasetami, utrzymanych w wyrafinowanym i urzekającym stylu ART-DECO

<p>Elegantní sada celkem dvanácti sklenic, lehce rozevřeného tvaru, která má vnitřní kruhově hladký povrch, ale vnější plášť dle barokní tradice, již poutavě oživený úzce hraněným a obvodově symetrickým fazetovým dekorem. Šest menších skleniček na vodu, likér či aperitiv a šest vyšších sklenek, ideálních na limonádu, pivo nebo vinný střik. Tvarování s plynulým a elegantním rozšířením směrem vzhůru připomíná kalich květu a dodává celé sadě jakousi květinovou lehkost. Sklenice jsou nejspíše české provenience typu Moser, vyrobené z kvalitního čirého skla s ostře broušenými a leštěnými hranami i velmi příjemným optickým efektem. Všechny sklenice jsou ve velmi pěkném stavu, zcela bez poškození. Okouzlující a nadčasový design, který se hodí nejen ke sváteční tabuli a posezení s přáteli.</p>
<p>(výška 13,5 cm a 10 cm, průměr hrdla 8,4 cm)</p>
<p>Hmotnost 2,9 kg/ komplet.</p>
<p>Uvedená cena je za celou sadu.</p>
