{"id":315957,"date":"2025-01-04T18:48:00","date_gmt":"2025-01-04T17:48:00","guid":{"rendered":"https:\/\/lucickymlyn.cz\/?post_type=product&#038;p=315957"},"modified":"2025-01-11T20:34:29","modified_gmt":"2025-01-11T19:34:29","slug":"kolekce-starozitnych-medailonu-s-obrazky-svateho-jana-nepomuckeho","status":"publish","type":"product","link":"https:\/\/lucickymlyn.cz\/pl\/shop\/kolekce-starozitnych-medailonu-s-obrazky-svateho-jana-nepomuckeho\/","title":{"rendered":"Unikalna kolekcja 4 szt. zabytkowych medalion\u00f3w z symbolicznymi scenkami \u015bw. Jana Nepomucena"},"content":{"rendered":"","protected":false},"excerpt":{"rendered":"<p>Zcela origin\u00e1ln\u00ed ov\u00e1ln\u00e9 obr\u00e1zky, n\u00e1padn\u011b vy\u0161\u0161\u00ed \u00farovn\u011b, byly zhotoveny zku\u0161en\u00fdm mal\u00ed\u0159em na siln\u011bj\u0161\u00edm kartonu v 18. nebo nejpozd\u011bji na po\u010d\u00e1tku stolet\u00ed 19. stolet\u00ed. Nejsp\u00ed\u0161e se jedn\u00e1 o symbolick\u00fd dopln\u011bk n\u00e1kladn\u00fdch a reprezentativn\u00edch cechovn\u00edch praporc\u016f. Ka\u017ed\u00fd praporec m\u011bl na \u017eerdi p\u0159ibit\u00fd jeden takov\u00edto \u0161t\u00edtek. Medailon b\u00fdval upevn\u011bn\u00fd h\u0159eby, zhruba ve v\u00fd\u0161i o\u010d\u00ed. \u010cestn\u00e9 cechovn\u00ed praporce vyn\u00e1\u0161en\u00e9 na \u0161t\u00edhl\u00e9m a dlouh\u00e9m d\u0159evci z\u00e1m\u011brn\u011b dopl\u0148ovaly obr\u00e1zky s jejich uct\u00edv\u00e1n\u00fdm patronem. \u00a0 Bohat\u00e9 m\u011bstsk\u00e9 \u0159emesln\u00e9 cechy, kter\u00e9 svat\u00e9ho JOH\u00c1NKA uct\u00edvaly jako sv\u00e9ho patrona a ochra\u0148ovatele, neochv\u011bjn\u011b v\u011b\u0159ily v jeho nadp\u0159irozenou moc. Ov\u00e1ln\u00e9 cedulky s kr\u00e1sn\u00fdmi, t\u00e9m\u011b\u0159 miniaturn\u00edmi d\u011bjov\u00fdmi obr\u00e1zky ve zkratce vypr\u00e1v\u00ed zn\u00e1m\u00fd p\u0159\u00edb\u011bh o mu\u010dednick\u00e9 smrti gener\u00e1ln\u00edho vik\u00e1\u0159e pra\u017esk\u00e9ho arcibiskupa. \u0160iroce uct\u00edvan\u00fd svat\u00fd JAN NEPOMUCK\u00dd se stal mu\u010dedn\u00edkem katolick\u00e9 c\u00edrkve a je t\u00e9\u017e jedn\u00edm ze zemsk\u00fdch patron\u016f. Jeho \u0161iroce rozvinut\u00fd kult trvale zakotvil nejen v evropsk\u00fdch zem\u00edch, ale i v Asii a Mexiku. Na\u0161e neopakovateln\u00e1 kolekce vz\u00e1cn\u00fdch staro\u017eitn\u00fdch obr\u00e1zk\u016f s JANEM NEPOMUCK\u00ddM, poch\u00e1z\u00ed z men\u0161\u00ed sb\u00edrky po zku\u0161en\u00e9m sb\u011brateli.<\/p>\n<p>(v\u00fd\u0161ka 14 cm x 11,5 cm)<\/p>\n<p>Hmotnost 50 g\/sada. Cena za kolekci &#8211; 4 kus\u016f.<\/p>","protected":false},"featured_media":315819,"template":"","meta":[],"product_brand":[],"product_cat":[109,100,208],"product_tag":[],"class_list":{"0":"post-315957","1":"product","2":"type-product","3":"status-publish","4":"has-post-thumbnail","6":"product_cat-starozitne-obrazy","7":"product_cat-nabozenska-tematika","8":"product_cat-darky","10":"first","11":"instock","12":"shipping-taxable","13":"purchasable","14":"product-type-simple"},"_links":{"self":[{"href":"https:\/\/lucickymlyn.cz\/pl\/wp-json\/wp\/v2\/product\/315957","targetHints":{"allow":["GET"]}}],"collection":[{"href":"https:\/\/lucickymlyn.cz\/pl\/wp-json\/wp\/v2\/product"}],"about":[{"href":"https:\/\/lucickymlyn.cz\/pl\/wp-json\/wp\/v2\/types\/product"}],"wp:featuredmedia":[{"embeddable":true,"href":"https:\/\/lucickymlyn.cz\/pl\/wp-json\/wp\/v2\/media\/315819"}],"wp:attachment":[{"href":"https:\/\/lucickymlyn.cz\/pl\/wp-json\/wp\/v2\/media?parent=315957"}],"wp:term":[{"taxonomy":"product_brand","embeddable":true,"href":"https:\/\/lucickymlyn.cz\/pl\/wp-json\/wp\/v2\/product_brand?post=315957"},{"taxonomy":"product_cat","embeddable":true,"href":"https:\/\/lucickymlyn.cz\/pl\/wp-json\/wp\/v2\/product_cat?post=315957"},{"taxonomy":"product_tag","embeddable":true,"href":"https:\/\/lucickymlyn.cz\/pl\/wp-json\/wp\/v2\/product_tag?post=315957"}],"curies":[{"name":"wp","href":"https:\/\/api.w.org\/{rel}","templated":true}]}}

Unikalna kolekcja 4 szt. zabytkowych medalionów z symbolicznymi scenkami św. Jana Nepomucena

<p>Zcela originální oválné obrázky, nápadně vyšší úrovně, byly zhotoveny zkušeným malířem na silnějším kartonu v 18. nebo nejpozději na počátku století 19. století. Nejspíše se jedná o symbolický doplněk nákladných a reprezentativních cechovních praporců. Každý praporec měl na žerdi přibitý jeden takovíto štítek. Medailon býval upevněný hřeby, zhruba ve výši očí. Čestné cechovní praporce vynášené na štíhlém a dlouhém dřevci záměrně doplňovaly obrázky s jejich uctíváným patronem.   Bohaté městské řemeslné cechy, které svatého JOHÁNKA uctívaly jako svého patrona a ochraňovatele, neochvějně věřily v jeho nadpřirozenou moc. Oválné cedulky s krásnými, téměř miniaturními dějovými obrázky ve zkratce vypráví známý příběh o mučednické smrti generálního vikáře pražského arcibiskupa. Široce uctívaný svatý JAN NEPOMUCKÝ se stal mučedníkem katolické církve a je též jedním ze zemských patronů. Jeho široce rozvinutý kult trvale zakotvil nejen v evropských zemích, ale i v Asii a Mexiku. Naše neopakovatelná kolekce vzácných starožitných obrázků s JANEM NEPOMUCKÝM, pochází z menší sbírky po zkušeném sběrateli.</p>
<p>(výška 14 cm x 11,5 cm)</p>
<p>Hmotnost 50 g/sada. Cena za kolekci &#8211; 4 kusů.</p>
