{"id":314052,"date":"2024-11-30T17:26:55","date_gmt":"2024-11-30T16:26:55","guid":{"rendered":"https:\/\/lucickymlyn.cz\/?post_type=product&#038;p=314052"},"modified":"2024-12-07T20:45:24","modified_gmt":"2024-12-07T19:45:24","slug":"vysoke-starozitne-smaltovane-svetlo-z-roku-1870","status":"publish","type":"product","link":"https:\/\/lucickymlyn.cz\/pl\/shop\/vysoke-starozitne-smaltovane-svetlo-z-roku-1870\/","title":{"rendered":"Wysoka zabytkowa lampa emaliowana z 1870 roku, kt\u00f3ra kiedy\u015b by\u0142a lamp\u0105 naftow\u0105, teraz jest elektryczn\u0105 lampk\u0105 sto\u0142ow\u0105"},"content":{"rendered":"","protected":false},"excerpt":{"rendered":"<p>Vysok\u00e1 sloupkov\u00e1 neoemp\u00edrov\u00e1 lampi\u010dka ve tvaru tordovan\u00e9ho antick\u00e9ho sloupu, byla vyrobena z plechu a lit\u00e9 oceli, jej\u00ed\u017e povrch, byl zu\u0161lecht\u011bn \u0161edozelen\u00fdm smaltem. Na spodn\u00edm okraji, stabiln\u00edho kv\u00e1drov\u00e9ho podstavce, vid\u00edme \u0161irokou \u0159\u00edmsu, tvo\u0159enou tzv. listovcem. Nad n\u00ed se leskne zlat\u011b le\u0161t\u011bn\u00fd a plasticky ztv\u00e1rn\u011bn\u00fd, obvodov\u00fd p\u00e1sov\u00fd ornament, pojat\u00fd t\u00e9\u017e v emp\u00edrov\u00e9m stylu. Na \u010deln\u00ed stran\u011b podstavce, vid\u00edme p\u016fvodn\u00ed mosaznou cedulku s n\u011bmecky psan\u00fdm jm\u00e9nem v\u00fdrobce a n\u00e1pisem PRAG. Citliv\u011b upraven\u00e1 lampa na sv\u00ed\u010dkovou \u017e\u00e1rovku, \u0161ikovn\u011b vyu\u017e\u00edv\u00e1 origin\u00e1ln\u00ed prvorepublikovou obj\u00edmku s u\u017e\u0161\u00edm \u0161roubovac\u00edm z\u00e1vitem. Zlat\u011b opleten\u00fd stylov\u00fd kabel s koncovkou jsou nov\u00e9. Hezk\u00fd bytov\u00fd dopln\u011bk, zvl\u00e1\u0161t\u011b vhodn\u00fd k citliv\u00e9mu osv\u011btlen\u00ed historick\u00e9ho interi\u00e9ru \u010di kaple.<\/p>\n<p>\u017d\u00e1rovka na fotk\u00e1ch je sou\u010d\u00e1st\u00ed nab\u00eddky, ale je ji\u017e star\u00e1 a negarantujeme jej\u00ed v\u00fddr\u017e.<\/p>\n<p>(v\u00fd\u0161ka bez \u017e\u00e1rovky 56 cm, p\u016fdorys 13 cm x 13 cm)<\/p>\n<p>Hmotnost 2,8 kg.<\/p>","protected":false},"featured_media":313935,"template":"","meta":[],"product_brand":[],"product_cat":[86],"product_tag":[],"class_list":{"0":"post-314052","1":"product","2":"type-product","3":"status-publish","4":"has-post-thumbnail","6":"product_cat-svetla","8":"first","9":"instock","10":"shipping-taxable","11":"purchasable","12":"product-type-simple"},"_links":{"self":[{"href":"https:\/\/lucickymlyn.cz\/pl\/wp-json\/wp\/v2\/product\/314052","targetHints":{"allow":["GET"]}}],"collection":[{"href":"https:\/\/lucickymlyn.cz\/pl\/wp-json\/wp\/v2\/product"}],"about":[{"href":"https:\/\/lucickymlyn.cz\/pl\/wp-json\/wp\/v2\/types\/product"}],"wp:featuredmedia":[{"embeddable":true,"href":"https:\/\/lucickymlyn.cz\/pl\/wp-json\/wp\/v2\/media\/313935"}],"wp:attachment":[{"href":"https:\/\/lucickymlyn.cz\/pl\/wp-json\/wp\/v2\/media?parent=314052"}],"wp:term":[{"taxonomy":"product_brand","embeddable":true,"href":"https:\/\/lucickymlyn.cz\/pl\/wp-json\/wp\/v2\/product_brand?post=314052"},{"taxonomy":"product_cat","embeddable":true,"href":"https:\/\/lucickymlyn.cz\/pl\/wp-json\/wp\/v2\/product_cat?post=314052"},{"taxonomy":"product_tag","embeddable":true,"href":"https:\/\/lucickymlyn.cz\/pl\/wp-json\/wp\/v2\/product_tag?post=314052"}],"curies":[{"name":"wp","href":"https:\/\/api.w.org\/{rel}","templated":true}]}}

Wysoka zabytkowa lampa emaliowana z 1870 roku, która kiedyś była lampą naftową, teraz jest elektryczną lampką stołową

<p>Vysoká sloupková neoempírová lampička ve tvaru tordovaného antického sloupu, byla vyrobena z plechu a lité oceli, jejíž povrch, byl zušlechtěn šedozeleným smaltem. Na spodním okraji, stabilního kvádrového podstavce, vidíme širokou římsu, tvořenou tzv. listovcem. Nad ní se leskne zlatě leštěný a plasticky ztvárněný, obvodový pásový ornament, pojatý též v empírovém stylu. Na čelní straně podstavce, vidíme původní mosaznou cedulku s německy psaným jménem výrobce a nápisem PRAG. Citlivě upravená lampa na svíčkovou žárovku, šikovně využívá originální prvorepublikovou objímku s užším šroubovacím závitem. Zlatě opletený stylový kabel s koncovkou jsou nové. Hezký bytový doplněk, zvláště vhodný k citlivému osvětlení historického interiéru či kaple.</p>
<p>Žárovka na fotkách je součástí nabídky, ale je již stará a negarantujeme její výdrž.</p>
<p>(výška bez žárovky 56 cm, půdorys 13 cm x 13 cm)</p>
<p>Hmotnost 2,8 kg.</p>
