{"id":309398,"date":"2024-09-14T19:46:21","date_gmt":"2024-09-14T17:46:21","guid":{"rendered":"https:\/\/lucickymlyn.cz\/?post_type=product&#038;p=309398"},"modified":"2025-02-09T20:47:56","modified_gmt":"2025-02-09T19:47:56","slug":"starozitna-zavesna-marocka-misa","status":"publish","type":"product","link":"https:\/\/lucickymlyn.cz\/pl\/shop\/starozitna-zavesna-marocka-misa\/","title":{"rendered":"Antyczna, wisz\u0105ca maroka\u0144ska miska z r\u0119cznie malowan\u0105 geometryczn\u0105 dekoracj\u0105, XIX w., ceramika szkliwiona"},"content":{"rendered":"","protected":false},"excerpt":{"rendered":"<p>Ru\u010dn\u00ed v\u00fdrobek z kameniny, zru\u010dn\u011b proveden\u00fd na hrn\u010d\u00ed\u0159sk\u00e9m kruhu je klasicky ozdoben\u00fd, tradi\u010dn\u00ed, kobaltov\u011b modrou malbou. Z\u00e1v\u011bsn\u00e1 hlub\u0161\u00ed m\u00edsa m\u00e1 na\u017eloutl\u00fd povrch, v\u00fdrazn\u011b okr\u00e1\u0161len\u00fd, flor\u00e1ln\u00ed geometrickou stylizac\u00ed. Kr\u00e1sn\u00e1 m\u00edsa s p\u0159\u00edchut\u00ed d\u00e1lek, m\u00e1 povrch chr\u00e1n\u011bn\u00fd hedv\u00e1bn\u011b lesklou glazurou. Sb\u011bratelsky zaj\u00edmav\u00fd a dob\u0159e zachoval\u00fd p\u0159edm\u011bt je vhodn\u00fd t\u00e9\u017e pro pot\u0159eby filmu.<\/p>\n<p>(v\u00fd\u0161ka 8,9 cm, pr\u016fm\u011br 32,5 cm)<\/p>\n<p>Masa 1,6 kg.<\/p>","protected":false},"featured_media":309226,"template":"","meta":[],"product_brand":[],"product_cat":[83,84],"product_tag":[],"class_list":{"0":"post-309398","1":"product","2":"type-product","3":"status-publish","4":"has-post-thumbnail","6":"product_cat-keramika","7":"product_cat-kuchynske-predmety","9":"first","10":"instock","11":"shipping-taxable","12":"purchasable","13":"product-type-simple"},"_links":{"self":[{"href":"https:\/\/lucickymlyn.cz\/pl\/wp-json\/wp\/v2\/product\/309398","targetHints":{"allow":["GET"]}}],"collection":[{"href":"https:\/\/lucickymlyn.cz\/pl\/wp-json\/wp\/v2\/product"}],"about":[{"href":"https:\/\/lucickymlyn.cz\/pl\/wp-json\/wp\/v2\/types\/product"}],"wp:featuredmedia":[{"embeddable":true,"href":"https:\/\/lucickymlyn.cz\/pl\/wp-json\/wp\/v2\/media\/309226"}],"wp:attachment":[{"href":"https:\/\/lucickymlyn.cz\/pl\/wp-json\/wp\/v2\/media?parent=309398"}],"wp:term":[{"taxonomy":"product_brand","embeddable":true,"href":"https:\/\/lucickymlyn.cz\/pl\/wp-json\/wp\/v2\/product_brand?post=309398"},{"taxonomy":"product_cat","embeddable":true,"href":"https:\/\/lucickymlyn.cz\/pl\/wp-json\/wp\/v2\/product_cat?post=309398"},{"taxonomy":"product_tag","embeddable":true,"href":"https:\/\/lucickymlyn.cz\/pl\/wp-json\/wp\/v2\/product_tag?post=309398"}],"curies":[{"name":"wp","href":"https:\/\/api.w.org\/{rel}","templated":true}]}}

Antyczna, wisząca marokańska miska z ręcznie malowaną geometryczną dekoracją, XIX w., ceramika szkliwiona

<p>Ruční výrobek z kameniny, zručně provedený na hrnčířském kruhu je klasicky ozdobený, tradiční, kobaltově modrou malbou. Závěsná hlubší mísa má nažloutlý povrch, výrazně okrášlený, florální geometrickou stylizací. Krásná mísa s příchutí dálek, má povrch chráněný hedvábně lesklou glazurou. Sběratelsky zajímavý a dobře zachovalý předmět je vhodný též pro potřeby filmu.</p>
<p>(výška 8,9 cm, průměr 32,5 cm)</p>
<p>Masa 1,6 kg.</p>
