{"id":309387,"date":"2024-09-14T13:34:43","date_gmt":"2024-09-14T11:34:43","guid":{"rendered":"https:\/\/lucickymlyn.cz\/?post_type=product&#038;p=309387"},"modified":"2024-11-23T22:37:27","modified_gmt":"2024-11-23T21:37:27","slug":"starozitna-forma-na-peceni-ve-tvaru-raka","status":"publish","type":"product","link":"https:\/\/lucickymlyn.cz\/pl\/shop\/starozitna-forma-na-peceni-ve-tvaru-raka\/","title":{"rendered":"\u015aredniej wielko\u015bci, unikatowa, zabytkowa forma do pieczenia z kamionki, r\u0119cznie wykonana w kszta\u0142cie raka z haczykiem."},"content":{"rendered":"","protected":false},"excerpt":{"rendered":"<p>Origin\u00e1ln\u00ed a sb\u011bratelsky velmi zaj\u00edmav\u00fd p\u0159edm\u011bt, poch\u00e1z\u00ed z druh\u00e9 poloviny 19. stolet\u00ed. Tato masivn\u00ed pe\u010d\u00edc\u00ed forma, stoj\u00ed na ni\u017e\u0161\u00edch zadn\u00edch no\u017ek\u00e1ch a vypoukl\u00e9m dn\u011b. P\u0159edn\u00ed no\u017eky byly asi o jeden centimetr kdysi ura\u017een\u00e9. Hezk\u00e1 forma m\u00e1 vnit\u0159n\u00ed, \u010dokol\u00e1dov\u011b hn\u011bdou a hedv\u00e1bn\u011b lesklou glazuru. Tato nev\u0161edn\u00ed staro\u017eitn\u00e1 b\u00e1bovka ve tvaru raka je zcela ojedin\u011bl\u00e1, a proto i pom\u011brn\u011b hodnotn\u00e1. Forma byla vyrobena \u0161ikovn\u00fdmi hrn\u010d\u00ed\u0159i v \u010cech\u00e1ch. Velmi dobr\u00fd p\u016fvodn\u00ed stav, a\u017e na zm\u00edn\u011bn\u00e9 p\u0159edn\u00ed no\u017eky, bez po\u0161kozen\u00ed a prasklin. D\u00edky tomu je kr\u00e1sn\u00e1 sb\u011bratelsk\u00e1 i muzejn\u00ed forma raka funk\u010dn\u00ed. M\u016f\u017eete p\u0159ekvapit Va\u0161e bl\u00edzk\u00e9 a up\u00e9ct n\u011bco nejen dobr\u00e9ho, ale i kr\u00e1sn\u00e9ho a v tradi\u010dn\u00edm duchu.<\/p>\n<p>(v\u00fd\u0161ka 9,5 cm x 35 cm x 18 cm)<\/p>\n<p>Masa 1,4 kg.<\/p>","protected":false},"featured_media":309285,"template":"","meta":[],"product_brand":[],"product_cat":[84,208],"product_tag":[],"class_list":{"0":"post-309387","1":"product","2":"type-product","3":"status-publish","4":"has-post-thumbnail","6":"product_cat-kuchynske-predmety","7":"product_cat-darky","9":"first","10":"instock","11":"shipping-taxable","12":"purchasable","13":"product-type-simple"},"_links":{"self":[{"href":"https:\/\/lucickymlyn.cz\/pl\/wp-json\/wp\/v2\/product\/309387","targetHints":{"allow":["GET"]}}],"collection":[{"href":"https:\/\/lucickymlyn.cz\/pl\/wp-json\/wp\/v2\/product"}],"about":[{"href":"https:\/\/lucickymlyn.cz\/pl\/wp-json\/wp\/v2\/types\/product"}],"wp:featuredmedia":[{"embeddable":true,"href":"https:\/\/lucickymlyn.cz\/pl\/wp-json\/wp\/v2\/media\/309285"}],"wp:attachment":[{"href":"https:\/\/lucickymlyn.cz\/pl\/wp-json\/wp\/v2\/media?parent=309387"}],"wp:term":[{"taxonomy":"product_brand","embeddable":true,"href":"https:\/\/lucickymlyn.cz\/pl\/wp-json\/wp\/v2\/product_brand?post=309387"},{"taxonomy":"product_cat","embeddable":true,"href":"https:\/\/lucickymlyn.cz\/pl\/wp-json\/wp\/v2\/product_cat?post=309387"},{"taxonomy":"product_tag","embeddable":true,"href":"https:\/\/lucickymlyn.cz\/pl\/wp-json\/wp\/v2\/product_tag?post=309387"}],"curies":[{"name":"wp","href":"https:\/\/api.w.org\/{rel}","templated":true}]}}

Średniej wielkości, unikatowa, zabytkowa forma do pieczenia z kamionki, ręcznie wykonana w kształcie raka z haczykiem.

<p>Originální a sběratelsky velmi zajímavý předmět, pochází z druhé poloviny 19. století. Tato masivní pečící forma, stojí na nižších zadních nožkách a vypouklém dně. Přední nožky byly asi o jeden centimetr kdysi uražené. Hezká forma má vnitřní, čokoládově hnědou a hedvábně lesklou glazuru. Tato nevšední starožitná bábovka ve tvaru raka je zcela ojedinělá, a proto i poměrně hodnotná. Forma byla vyrobena šikovnými hrnčíři v Čechách. Velmi dobrý původní stav, až na zmíněné přední nožky, bez poškození a prasklin. Díky tomu je krásná sběratelská i muzejní forma raka funkční. Můžete překvapit Vaše blízké a upéct něco nejen dobrého, ale i krásného a v tradičním duchu.</p>
<p>(výška 9,5 cm x 35 cm x 18 cm)</p>
<p>Masa 1,4 kg.</p>
