{"id":306380,"date":"2024-07-27T17:17:20","date_gmt":"2024-07-27T15:17:20","guid":{"rendered":"https:\/\/lucickymlyn.cz\/?post_type=product&#038;p=306380"},"modified":"2024-08-03T20:01:50","modified_gmt":"2024-08-03T18:01:50","slug":"originalni-a-vzacna-rucne-rezana-forma-na-pernik","status":"publish","type":"product","link":"https:\/\/lucickymlyn.cz\/pl\/shop\/originalni-a-vzacna-rucne-rezana-forma-na-pernik\/","title":{"rendered":"Origin\u00e1ln\u00ed a vz\u00e1cn\u00e1, ru\u010dn\u011b \u0159ezan\u00e1 forma na pern\u00edk ze 2. pol. 19. stol. s reli\u00e9fn\u00ed \u0159ezbou krojovan\u00e9ho ml\u00e1dence na kon\u00edku"},"content":{"rendered":"","protected":false},"excerpt":{"rendered":"<p>Staro\u017eitn\u00e1 pern\u00edkov\u00e1 forma s r\u00e1mov\u00e1n\u00edm z oh\u00fdban\u00fdch plechov\u00fdch p\u00e1sk\u016f, byla ru\u010dn\u011b vyrobena z tvrd\u0161\u00edho topolov\u00e9ho d\u0159eva s pevnou a jednolitou strukturou, umo\u017e\u0148uj\u00edc\u00ed jemn\u00e9 a precizn\u00ed reli\u00e9fn\u00ed proveden\u00ed \u0159ezb\u00e1\u0159sk\u00e9 techniky. Vyrobit hezkou a funk\u010dn\u00ed formu v t\u00e9to kvalit\u011b, nen\u00ed v\u016fbec jednoduch\u00e9. \u0158ezba se prov\u00e1d\u011bla n\u00e1ro\u010dn\u00fdm obr\u00e1cen\u00fdm zp\u016fsobem, kter\u00fd vy\u017eadoval velkou zku\u0161enost a cvik. P\u0159i t\u00e9to pr\u00e1ci je v\u0161e obr\u00e1cen\u00e9. Co m\u00e1 b\u00fdt po vyklopen\u00ed zapu\u0161t\u011bn\u00e9, to se mus\u00ed vy\u0159ezat vystoupl\u00e9 a naopak. Proto jsou tyto staro\u017eitn\u00e9 pern\u00edkov\u00e9 formy nejen hezk\u00e9, ale i cenn\u00e9. Jsou cen\u011bn\u00e9 a vyhled\u00e1van\u00e9 nejen sb\u011brateli a peka\u0159i. I dnes jsou vhodn\u00e9 pro klasickou a tradi\u010dn\u00ed v\u00fdrobu pern\u00edku. U\u017e te\u010f z\u00e1vid\u00edm \u0161ikovn\u00e9mu peka\u0159i ty vo\u0148av\u00e9 postavi\u010dky z na\u0161\u00ed formy, s krojovan\u00fdm ml\u00e1dencem na kon\u00edku, jak n\u00e1hle o\u017eij\u00ed po opakovan\u00e9m vyklopen\u00ed z formy. Po v\u00edce jak 150 letech, p\u0159inesou op\u011bt, chutn\u00e9 pern\u00edkov\u00e9 figurky lidem novou radost. To by d\u00e1vn\u00e9ho mistra \u0159ezb\u00e1\u0159e, jist\u011b velmi pot\u011b\u0161ilo. Kolika dosp\u011bl\u00fdm i s jejich d\u011btmi, rozz\u00e1\u0159\u00ed \u00fasm\u011bv asi tento prost\u00fd kousek d\u0159eva. To u\u017e ale z\u00e1le\u017e\u00ed i na V\u00e1s a Va\u0161ich tvo\u0159iv\u00fdch rukou.<\/p>\n<p>(v\u00fd\u0161ka 28 cm x 19,5 cm x 3 cm)<\/p>\n<p>Masa 0,8 kg.<\/p>","protected":false},"featured_media":306189,"template":"","meta":[],"product_brand":[],"product_cat":[84],"product_tag":[],"class_list":{"0":"post-306380","1":"product","2":"type-product","3":"status-publish","4":"has-post-thumbnail","6":"product_cat-kuchynske-predmety","8":"first","9":"outofstock","10":"shipping-taxable","11":"purchasable","12":"product-type-simple"},"_links":{"self":[{"href":"https:\/\/lucickymlyn.cz\/pl\/wp-json\/wp\/v2\/product\/306380","targetHints":{"allow":["GET"]}}],"collection":[{"href":"https:\/\/lucickymlyn.cz\/pl\/wp-json\/wp\/v2\/product"}],"about":[{"href":"https:\/\/lucickymlyn.cz\/pl\/wp-json\/wp\/v2\/types\/product"}],"wp:featuredmedia":[{"embeddable":true,"href":"https:\/\/lucickymlyn.cz\/pl\/wp-json\/wp\/v2\/media\/306189"}],"wp:attachment":[{"href":"https:\/\/lucickymlyn.cz\/pl\/wp-json\/wp\/v2\/media?parent=306380"}],"wp:term":[{"taxonomy":"product_brand","embeddable":true,"href":"https:\/\/lucickymlyn.cz\/pl\/wp-json\/wp\/v2\/product_brand?post=306380"},{"taxonomy":"product_cat","embeddable":true,"href":"https:\/\/lucickymlyn.cz\/pl\/wp-json\/wp\/v2\/product_cat?post=306380"},{"taxonomy":"product_tag","embeddable":true,"href":"https:\/\/lucickymlyn.cz\/pl\/wp-json\/wp\/v2\/product_tag?post=306380"}],"curies":[{"name":"wp","href":"https:\/\/api.w.org\/{rel}","templated":true}]}}

Originální a vzácná, ručně řezaná forma na perník ze 2. pol. 19. stol. s reliéfní řezbou krojovaného mládence na koníku

<p>Starožitná perníková forma s rámováním z ohýbaných plechových pásků, byla ručně vyrobena z tvrdšího topolového dřeva s pevnou a jednolitou strukturou, umožňující jemné a precizní reliéfní provedení řezbářské techniky. Vyrobit hezkou a funkční formu v této kvalitě, není vůbec jednoduché. Řezba se prováděla náročným obráceným způsobem, který vyžadoval velkou zkušenost a cvik. Při této práci je vše obrácené. Co má být po vyklopení zapuštěné, to se musí vyřezat vystouplé a naopak. Proto jsou tyto starožitné perníkové formy nejen hezké, ale i cenné. Jsou ceněné a vyhledávané nejen sběrateli a pekaři. I dnes jsou vhodné pro klasickou a tradiční výrobu perníku. Už teď závidím šikovnému pekaři ty voňavé postavičky z naší formy, s krojovaným mládencem na koníku, jak náhle ožijí po opakovaném vyklopení z formy. Po více jak 150 letech, přinesou opět, chutné perníkové figurky lidem novou radost. To by dávného mistra řezbáře, jistě velmi potěšilo. Kolika dospělým i s jejich dětmi, rozzáří úsměv asi tento prostý kousek dřeva. To už ale záleží i na Vás a Vašich tvořivých rukou.</p>
<p>(výška 28 cm x 19,5 cm x 3 cm)</p>
<p>Masa 0,8 kg.</p>
