{"id":302288,"date":"2024-05-25T11:21:00","date_gmt":"2024-05-25T09:21:00","guid":{"rendered":"https:\/\/lucickymlyn.cz\/?post_type=product&#038;p=302288"},"modified":"2024-06-01T20:45:16","modified_gmt":"2024-06-01T18:45:16","slug":"originalni-oboustranna-forma-na-pernik","status":"publish","type":"product","link":"https:\/\/lucickymlyn.cz\/pl\/shop\/originalni-oboustranna-forma-na-pernik\/","title":{"rendered":"Origin\u00e1ln\u00ed oboustrann\u00e1 forma na pern\u00edk z 1.pol. 19. stol. s reli\u00e9fn\u00ed \u0159ezbou husara na kon\u00edku na stran\u011b jedn\u00e9 a kohoutka na druh\u00e9"},"content":{"rendered":"","protected":false},"excerpt":{"rendered":"<p>Staro\u017eitn\u00e1 pern\u00edkov\u00e1 forma byla ru\u010dn\u011b vyrobena z tvrd\u00e9ho ovocn\u00e9ho d\u0159eva s pevnou a jednolitou strukturou, umo\u017e\u0148uj\u00edc\u00ed jemn\u00e9 a precizn\u00ed reli\u00e9fn\u00ed proveden\u00ed \u0159ezb\u00e1\u0159sk\u00e9 techniky. Vyrobit funk\u010dn\u00ed a dobrou formu v t\u00e9to kvalit\u011b, nen\u00ed v\u016fbec jednoduch\u00e9. \u0158ezba se prov\u00e1d\u011bla n\u00e1ro\u010dn\u00fdm obr\u00e1cen\u00fdm zp\u016fsobem, kter\u00fd vy\u017eadoval zku\u0161enost a cvik. P\u0159i t\u00e9to pr\u00e1ci je v\u0161e obr\u00e1cen\u00e9. Co m\u00e1 b\u00fdt po vyklopen\u00ed zapu\u0161t\u011bn\u00e9, to se mus\u00ed vy\u0159ezat vystoupl\u00e9 a naopak. Proto jsou tyto staro\u017eitn\u00e9 pern\u00edkov\u00e9 formy nejen hezk\u00e9, ale i cenn\u00e9. Hod\u00ed se sb\u011brateli, ale i pro klasick\u00e9 a tradi\u010dn\u00ed vyu\u017eit\u00ed na v\u00fdrobu pern\u00edku. U\u017e te\u010f z\u00e1vid\u00edm \u0161ikovn\u00e9mu peka\u0159i ty vo\u0148av\u00e9 postavi\u010dky voj\u00e1\u010dk\u016f a kohoutk\u016f, kter\u00e9 n\u00e1hle o\u017eij\u00ed po opakovan\u00e9m vyklopen\u00ed z formy. Po t\u00e9m\u011b\u0159 dvou stalet\u00edch p\u0159inesou chutn\u00e9 pern\u00edkov\u00e9 figurky, lidem op\u011bt novou radost. To by d\u00e1vn\u00e9ho mistra \u0159ezb\u00e1\u0159e jist\u011b velmi pot\u011b\u0161ilo. Kolik lid\u00ed a d\u011bt\u00ed pot\u011b\u0161\u00ed asi tento kr\u00e1sn\u00fd kousek d\u0159eva. To u\u017e ale z\u00e1le\u017e\u00ed i na V\u00e1s a Va\u0161ich rukou.<\/p>\n<p>(v\u00fd\u0161ka 27 cm x 19 cm x 3,5 cm)<\/p>\n<p>Masa 1,3 kg.<\/p>","protected":false},"featured_media":301892,"template":"","meta":[],"product_brand":[],"product_cat":[84],"product_tag":[],"class_list":{"0":"post-302288","1":"product","2":"type-product","3":"status-publish","4":"has-post-thumbnail","6":"product_cat-kuchynske-predmety","8":"first","9":"outofstock","10":"shipping-taxable","11":"purchasable","12":"product-type-simple"},"_links":{"self":[{"href":"https:\/\/lucickymlyn.cz\/pl\/wp-json\/wp\/v2\/product\/302288","targetHints":{"allow":["GET"]}}],"collection":[{"href":"https:\/\/lucickymlyn.cz\/pl\/wp-json\/wp\/v2\/product"}],"about":[{"href":"https:\/\/lucickymlyn.cz\/pl\/wp-json\/wp\/v2\/types\/product"}],"wp:featuredmedia":[{"embeddable":true,"href":"https:\/\/lucickymlyn.cz\/pl\/wp-json\/wp\/v2\/media\/301892"}],"wp:attachment":[{"href":"https:\/\/lucickymlyn.cz\/pl\/wp-json\/wp\/v2\/media?parent=302288"}],"wp:term":[{"taxonomy":"product_brand","embeddable":true,"href":"https:\/\/lucickymlyn.cz\/pl\/wp-json\/wp\/v2\/product_brand?post=302288"},{"taxonomy":"product_cat","embeddable":true,"href":"https:\/\/lucickymlyn.cz\/pl\/wp-json\/wp\/v2\/product_cat?post=302288"},{"taxonomy":"product_tag","embeddable":true,"href":"https:\/\/lucickymlyn.cz\/pl\/wp-json\/wp\/v2\/product_tag?post=302288"}],"curies":[{"name":"wp","href":"https:\/\/api.w.org\/{rel}","templated":true}]}}

Originální oboustranná forma na perník z 1.pol. 19. stol. s reliéfní řezbou husara na koníku na straně jedné a kohoutka na druhé

<p>Starožitná perníková forma byla ručně vyrobena z tvrdého ovocného dřeva s pevnou a jednolitou strukturou, umožňující jemné a precizní reliéfní provedení řezbářské techniky. Vyrobit funkční a dobrou formu v této kvalitě, není vůbec jednoduché. Řezba se prováděla náročným obráceným způsobem, který vyžadoval zkušenost a cvik. Při této práci je vše obrácené. Co má být po vyklopení zapuštěné, to se musí vyřezat vystouplé a naopak. Proto jsou tyto starožitné perníkové formy nejen hezké, ale i cenné. Hodí se sběrateli, ale i pro klasické a tradiční využití na výrobu perníku. Už teď závidím šikovnému pekaři ty voňavé postavičky vojáčků a kohoutků, které náhle ožijí po opakovaném vyklopení z formy. Po téměř dvou staletích přinesou chutné perníkové figurky, lidem opět novou radost. To by dávného mistra řezbáře jistě velmi potěšilo. Kolik lidí a dětí potěší asi tento krásný kousek dřeva. To už ale záleží i na Vás a Vašich rukou.</p>
<p>(výška 27 cm x 19 cm x 3,5 cm)</p>
<p>Masa 1,3 kg.</p>
