{"id":299315,"date":"2024-04-13T19:40:47","date_gmt":"2024-04-13T17:40:47","guid":{"rendered":"https:\/\/lucickymlyn.cz\/?post_type=product&#038;p=299315"},"modified":"2024-12-13T18:55:57","modified_gmt":"2024-12-13T17:55:57","slug":"vetsi-starozitna-soska-z-tmavohnede-keramiky-zokej-na-koni","status":"publish","type":"product","link":"https:\/\/lucickymlyn.cz\/pl\/shop\/vetsi-starozitna-soska-z-tmavohnede-keramiky-zokej-na-koni\/","title":{"rendered":"Wi\u0119ksza zabytkowa figurka z ciemnobr\u0105zowej ceramiki \u201eD\u017cokej na koniu\u201d \u2013 projekt: Bohumil Dobi\u00e1\u0161 ml., producent: KERAS Bechyn\u011b"},"content":{"rendered":"","protected":false},"excerpt":{"rendered":"<p>Origin\u00e1ln\u00ed so\u0161ka osv\u011bd\u010den\u00e9, dut\u00e9 pl\u00e1\u0161\u0165ov\u00e9 konstrukce, p\u016fsobiv\u011b ztv\u00e1rn\u011bn\u00e1 z vypalovan\u00e9 keramick\u00e9 sm\u011bsi s tmav\u00fdm re\u017en\u00fdm povrchem, v\u011brn\u011b p\u0159ipom\u00ednaj\u00edc\u00edm star\u00fd bronz. Pro umocn\u011bn\u00ed dojmu z nad\u010dasov\u011b lad\u011bn\u00e9ho modernistick\u00e9ho d\u00edlka, byly citliv\u011b pojaty jednotliv\u00e9 typy povrch\u016f a n\u011bkter\u00e9 i rozli\u010dn\u011b vr\u00e1sn\u011bny. Zda\u0159il\u00e1 a velmi ojedin\u011bl\u00e1 so\u0161ka jezdce na koni se vzhledem star\u00e9ho bronzu, poch\u00e1z\u00ed ze 3. \u010dtvrtiny 20. stol. So\u0161ka nem\u00e1 tov\u00e1rn\u00ed zna\u010den\u00ed, nebo\u0165 se nejsp\u00ed\u0161e nedostala do s\u00e9riov\u00e9 v\u00fdroby. Jedn\u00e1 se tedy o zaj\u00edmav\u00fd model a sb\u011bratelskou zaj\u00edmavost. Historie spole\u010dnosti KERAS, kter\u00e1 so\u0161ku vyrobila, sah\u00e1 do doby p\u0159ed prvn\u00ed sv\u011btovou v\u00e1lkou, kdy absolventi keramick\u00e9 \u0161koly hledali zam\u011bstn\u00e1n\u00ed p\u0159ev\u00e1\u017en\u011b ve V\u00eddni. V roce 1897 zalo\u017eili spolek s c\u00edlem z\u0159\u00eddit a \u0159\u00eddit v\u011bt\u0161\u00ed keramick\u00fd podnik. KERAS byl zpo\u010d\u00e1tku zam\u011b\u0159en na v\u00fdrobu faj\u00e1nsov\u00e9ho zbo\u017e\u00ed a um\u011bleck\u00e9 terakoty. Pom\u011brn\u011b brzy roz\u0161\u00ed\u0159il svou v\u00fdrobu i na s\u00e1drov\u00e9 formy pro hrn\u010d\u00ed\u0159e a kamn\u00e1\u0159e. Pod veden\u00edm Josefa Ha\u0161kovce, prvn\u00edho zam\u011bstnance a u\u010ditele \u0161koly, se za\u010daly vyr\u00e1b\u011bt asi 80 model\u016f a forem pro v\u00e1zy a n\u00e1doby. Roku 1904 byl zvolen um\u011bleck\u00fdm r\u00e1dcem profesor Franti\u0161ek Kopeck\u00fd. Od roku 1911 se p\u0159ipravovala stavba firemn\u00ed budovy, je\u017e slou\u017eila a\u017e do roku 2009. KERAS se specializoval na dekorativn\u00ed a figur\u00e1ln\u00ed keramiku, v\u00fdrazn\u011b se odli\u0161uj\u00edc\u00ed od u\u017eitkov\u00e9 keramiky. V roce 1922 se spole\u010dnost stala akciovou s kapit\u00e1lem 1.000.000,- K\u010d. Postupn\u011b se KERAS vypracoval v mohutn\u00fd podnik, vyr\u00e1b\u011bj\u00edc\u00ed kvalitn\u00ed keramick\u00e9 v\u00fdrobky. Spole\u010dnost podporovala um\u011blce, kupovala a propagovala jejich d\u00edla a vyr\u00e1b\u011bla je v u\u0161lechtil\u00e9m keramick\u00e9m materi\u00e1lu. KERAS v\u017edy preferoval poctiv\u00fd v\u00fdrobek, vytvo\u0159en\u00fd v osobit\u00e9m \u010desk\u00e9m duchu.<\/p>\n<p>(v\u00fd\u0161ka 27 cm x 31 cm x 10 cm)<\/p>\n<p>Masa 2,3 kg.<\/p>","protected":false},"featured_media":299165,"template":"","meta":[],"product_brand":[],"product_cat":[72,208],"product_tag":[],"class_list":{"0":"post-299315","1":"product","2":"type-product","3":"status-publish","4":"has-post-thumbnail","6":"product_cat-starozitne-sosky","7":"product_cat-darky","9":"first","10":"instock","11":"shipping-taxable","12":"purchasable","13":"product-type-simple"},"_links":{"self":[{"href":"https:\/\/lucickymlyn.cz\/pl\/wp-json\/wp\/v2\/product\/299315","targetHints":{"allow":["GET"]}}],"collection":[{"href":"https:\/\/lucickymlyn.cz\/pl\/wp-json\/wp\/v2\/product"}],"about":[{"href":"https:\/\/lucickymlyn.cz\/pl\/wp-json\/wp\/v2\/types\/product"}],"wp:featuredmedia":[{"embeddable":true,"href":"https:\/\/lucickymlyn.cz\/pl\/wp-json\/wp\/v2\/media\/299165"}],"wp:attachment":[{"href":"https:\/\/lucickymlyn.cz\/pl\/wp-json\/wp\/v2\/media?parent=299315"}],"wp:term":[{"taxonomy":"product_brand","embeddable":true,"href":"https:\/\/lucickymlyn.cz\/pl\/wp-json\/wp\/v2\/product_brand?post=299315"},{"taxonomy":"product_cat","embeddable":true,"href":"https:\/\/lucickymlyn.cz\/pl\/wp-json\/wp\/v2\/product_cat?post=299315"},{"taxonomy":"product_tag","embeddable":true,"href":"https:\/\/lucickymlyn.cz\/pl\/wp-json\/wp\/v2\/product_tag?post=299315"}],"curies":[{"name":"wp","href":"https:\/\/api.w.org\/{rel}","templated":true}]}}

Większa zabytkowa figurka z ciemnobrązowej ceramiki „Dżokej na koniu” – projekt: Bohumil Dobiáš ml., producent: KERAS Bechyně

<p>Originální soška osvědčené, duté plášťové konstrukce, působivě ztvárněná z vypalované keramické směsi s tmavým režným povrchem, věrně připomínajícím starý bronz. Pro umocnění dojmu z nadčasově laděného modernistického dílka, byly citlivě pojaty jednotlivé typy povrchů a některé i rozličně vrásněny. Zdařilá a velmi ojedinělá soška jezdce na koni se vzhledem starého bronzu, pochází ze 3. čtvrtiny 20. stol. Soška nemá tovární značení, neboť se nejspíše nedostala do sériové výroby. Jedná se tedy o zajímavý model a sběratelskou zajímavost. Historie společnosti KERAS, která sošku vyrobila, sahá do doby před první světovou válkou, kdy absolventi keramické školy hledali zaměstnání převážně ve Vídni. V roce 1897 založili spolek s cílem zřídit a řídit větší keramický podnik. KERAS byl zpočátku zaměřen na výrobu fajánsového zboží a umělecké terakoty. Poměrně brzy rozšířil svou výrobu i na sádrové formy pro hrnčíře a kamnáře. Pod vedením Josefa Haškovce, prvního zaměstnance a učitele školy, se začaly vyrábět asi 80 modelů a forem pro vázy a nádoby. Roku 1904 byl zvolen uměleckým rádcem profesor František Kopecký. Od roku 1911 se připravovala stavba firemní budovy, jež sloužila až do roku 2009. KERAS se specializoval na dekorativní a figurální keramiku, výrazně se odlišující od užitkové keramiky. V roce 1922 se společnost stala akciovou s kapitálem 1.000.000,- Kč. Postupně se KERAS vypracoval v mohutný podnik, vyrábějící kvalitní keramické výrobky. Společnost podporovala umělce, kupovala a propagovala jejich díla a vyráběla je v ušlechtilém keramickém materiálu. KERAS vždy preferoval poctivý výrobek, vytvořený v osobitém českém duchu.</p>
<p>(výška 27 cm x 31 cm x 10 cm)</p>
<p>Masa 2,3 kg.</p>
