{"id":284592,"date":"2023-09-16T18:40:40","date_gmt":"2023-09-16T16:40:40","guid":{"rendered":"https:\/\/lucickymlyn.cz\/?post_type=product&#038;p=284592"},"modified":"2024-02-21T12:03:30","modified_gmt":"2024-02-21T11:03:30","slug":"starozitny-porcelanovy-servis-na-caj-ci-kavu","status":"publish","type":"product","link":"https:\/\/lucickymlyn.cz\/pl\/shop\/starozitny-porcelanovy-servis-na-caj-ci-kavu\/","title":{"rendered":"Staro\u017eitn\u00fd porcel\u00e1nov\u00fd servis na \u010daj \u010di k\u00e1vu kvalitn\u011b vyroben\u00fd ve 3. t\u0159etin\u011b 19. stol. v historizuj\u00edc\u00edm emp\u00edrov\u00e9m stylu, jemn\u011b ozdoben\u00fd stylizovanou p\u00e1sovou malbou"},"content":{"rendered":"","protected":false},"excerpt":{"rendered":"<p>Hezk\u00e9 a stalet\u00edmi osv\u011bd\u010den\u00e9, ladn\u011b soustru\u017een\u00e9 tvary n\u00e1dob a \u0161\u00e1lk\u016f, vhodn\u011b dopl\u0148uj\u00ed kr\u00e1sn\u00e1, flor\u00e1ln\u011b tvarovan\u00e1 a n\u00e1padn\u011b p\u0159ev\u00fd\u0161en\u00e1 ou\u0161ka. Tak\u00e9 kopulovit\u00e1 v\u00ed\u010dka n\u00e1dob maj\u00ed jemn\u011b malovan\u00fd rostlinn\u00fd p\u00e1sov\u00fd vzor. Na jejich vrcholu byly osazeny vkusn\u011b tvarovan\u00e9 knopky, plasticky o\u017eiven\u00e9 jemn\u00fdm perlovcem a decentn\u00edm zlacen\u00edm. Leskl\u00fd b\u00edl\u00fd porcel\u00e1n byl decentn\u011b okr\u00e1\u0161len flor\u00e1ln\u00edmi emp\u00edrov\u00fdmi vzory s modr\u00fdmi kv\u011bty a slab\u0161\u00edmi modr\u00fdmi linkami, kter\u00e9 d\u00e1vaj\u00ed vyniknout i ladn\u011b tvarovan\u00fdm lini\u00edm ou\u0161ek a lic\u00ed hubi\u010dky. Hezk\u00fd porcel\u00e1nov\u00fd servis m\u00e1 kr\u00e1sn\u011b slabounk\u00e9 a\u017e lehce pr\u016fsvitn\u00e9 \u0161\u00e1lky s pod\u0161\u00e1lky. Konvice s cuk\u0159enkou jsou ale silnost\u011bnn\u00e9. Ml\u00e9\u010denka se po v\u00edce jak stu letech ji\u017e nedochovala. \u010cajov\u00fd neoemp\u00edrov\u00fd servis je v dobr\u00e9m stavu, jen na jednom \u0161\u00e1lku je malink\u00fd o\u0165uk.<\/p>\n<p>(konvi\u010dka v\u00fd\u0161ka 23 cm, \u0161\u00e1lek &#8211; v\u00fd\u0161ka 7,6 cm , pr\u016fm\u011br hrdla 8,3 cm)<\/p>\n<p>Hmotnost 2,3 kg\/komplet.<\/p>","protected":false},"featured_media":284495,"template":"","meta":[],"product_brand":[],"product_cat":[70],"product_tag":[],"class_list":{"0":"post-284592","1":"product","2":"type-product","3":"status-publish","4":"has-post-thumbnail","6":"product_cat-starozitny-porcelan","8":"first","9":"outofstock","10":"shipping-taxable","11":"purchasable","12":"product-type-simple"},"_links":{"self":[{"href":"https:\/\/lucickymlyn.cz\/pl\/wp-json\/wp\/v2\/product\/284592","targetHints":{"allow":["GET"]}}],"collection":[{"href":"https:\/\/lucickymlyn.cz\/pl\/wp-json\/wp\/v2\/product"}],"about":[{"href":"https:\/\/lucickymlyn.cz\/pl\/wp-json\/wp\/v2\/types\/product"}],"wp:featuredmedia":[{"embeddable":true,"href":"https:\/\/lucickymlyn.cz\/pl\/wp-json\/wp\/v2\/media\/284495"}],"wp:attachment":[{"href":"https:\/\/lucickymlyn.cz\/pl\/wp-json\/wp\/v2\/media?parent=284592"}],"wp:term":[{"taxonomy":"product_brand","embeddable":true,"href":"https:\/\/lucickymlyn.cz\/pl\/wp-json\/wp\/v2\/product_brand?post=284592"},{"taxonomy":"product_cat","embeddable":true,"href":"https:\/\/lucickymlyn.cz\/pl\/wp-json\/wp\/v2\/product_cat?post=284592"},{"taxonomy":"product_tag","embeddable":true,"href":"https:\/\/lucickymlyn.cz\/pl\/wp-json\/wp\/v2\/product_tag?post=284592"}],"curies":[{"name":"wp","href":"https:\/\/api.w.org\/{rel}","templated":true}]}}

Starožitný porcelánový servis na čaj či kávu kvalitně vyrobený ve 3. třetině 19. stol. v historizujícím empírovém stylu, jemně ozdobený stylizovanou pásovou malbou

<p>Hezké a staletími osvědčené, ladně soustružené tvary nádob a šálků, vhodně doplňují krásná, florálně tvarovaná a nápadně převýšená ouška. Také kopulovitá víčka nádob mají jemně malovaný rostlinný pásový vzor. Na jejich vrcholu byly osazeny vkusně tvarované knopky, plasticky oživené jemným perlovcem a decentním zlacením. Lesklý bílý porcelán byl decentně okrášlen florálními empírovými vzory s modrými květy a slabšími modrými linkami, které dávají vyniknout i ladně tvarovaným liniím oušek a licí hubičky. Hezký porcelánový servis má krásně slabounké až lehce průsvitné šálky s podšálky. Konvice s cukřenkou jsou ale silnostěnné. Mléčenka se po více jak stu letech již nedochovala. Čajový neoempírový servis je v dobrém stavu, jen na jednom šálku je malinký oťuk.</p>
<p>(konvička výška 23 cm, šálek &#8211; výška 7,6 cm , průměr hrdla 8,3 cm)</p>
<p>Hmotnost 2,3 kg/komplet.</p>
