{"id":281815,"date":"2023-08-05T19:17:34","date_gmt":"2023-08-05T17:17:34","guid":{"rendered":"https:\/\/lucickymlyn.cz\/?post_type=product&#038;p=281815"},"modified":"2023-08-12T20:41:22","modified_gmt":"2023-08-12T18:41:22","slug":"plakat-z-nadrukiem-jesien-w-sadzie-owocowym","status":"publish","type":"product","link":"https:\/\/lucickymlyn.cz\/pl\/shop\/tisteny-plakat-podzim-v-ovocnem-sadu\/","title":{"rendered":"Plakat z jesieni w sadzie owocowym"},"content":{"rendered":"","protected":false},"excerpt":{"rendered":"<p>Oryginalna pogl\u0105dowa pomoc dydaktyczna, opatrzona dat\u0105. Ta \u0142adna dekoracja \u015bcienna zosta\u0142a wykonana technik\u0105 druku na podstawie r\u0119cznie malowanego orygina\u0142u, stworzonego w stylu romantyczno-naiwnym, budowniczym i propagandowym na potrzeby \u00f3wczesnego szkolnictwa. Szerokie zastosowanie. Oryginalny, dobry stan z patyn\u0105 wynikaj\u0105c\u0105 z up\u0142ywu czasu. W lewej cz\u0119\u015bci podpisane i datowane.<\/p>\n<p>(64 cm x 96 cm)<\/p>\n<p>Masa 0,2 kg.<\/p>","protected":false},"featured_media":281635,"template":"","meta":[],"product_brand":[],"product_cat":[126],"product_tag":[],"class_list":{"0":"post-281815","1":"product","2":"type-product","3":"status-publish","4":"has-post-thumbnail","6":"product_cat-starozitne-plakaty","8":"first","9":"instock","10":"shipping-taxable","11":"purchasable","12":"product-type-simple"},"_links":{"self":[{"href":"https:\/\/lucickymlyn.cz\/pl\/wp-json\/wp\/v2\/product\/281815","targetHints":{"allow":["GET"]}}],"collection":[{"href":"https:\/\/lucickymlyn.cz\/pl\/wp-json\/wp\/v2\/product"}],"about":[{"href":"https:\/\/lucickymlyn.cz\/pl\/wp-json\/wp\/v2\/types\/product"}],"wp:featuredmedia":[{"embeddable":true,"href":"https:\/\/lucickymlyn.cz\/pl\/wp-json\/wp\/v2\/media\/281635"}],"wp:attachment":[{"href":"https:\/\/lucickymlyn.cz\/pl\/wp-json\/wp\/v2\/media?parent=281815"}],"wp:term":[{"taxonomy":"product_brand","embeddable":true,"href":"https:\/\/lucickymlyn.cz\/pl\/wp-json\/wp\/v2\/product_brand?post=281815"},{"taxonomy":"product_cat","embeddable":true,"href":"https:\/\/lucickymlyn.cz\/pl\/wp-json\/wp\/v2\/product_cat?post=281815"},{"taxonomy":"product_tag","embeddable":true,"href":"https:\/\/lucickymlyn.cz\/pl\/wp-json\/wp\/v2\/product_tag?post=281815"}],"curies":[{"name":"wp","href":"https:\/\/api.w.org\/{rel}","templated":true}]}}

<p>Oryginalna poglądowa pomoc dydaktyczna, opatrzona datą. Ta ładna dekoracja ścienna została wykonana techniką druku na podstawie ręcznie malowanego oryginału, stworzonego w stylu romantyczno-naiwnym, budowniczym i propagandowym na potrzeby ówczesnego szkolnictwa. Szerokie zastosowanie. Oryginalny, dobry stan z patyną wynikającą z upływu czasu. W lewej części podpisane i datowane.</p>
<p>(64 cm x 96 cm)</p>
<p>Masa 0,2 kg.</p>
