{"id":274915,"date":"2023-04-22T20:36:44","date_gmt":"2023-04-22T18:36:44","guid":{"rendered":"https:\/\/lucickymlyn.cz\/?post_type=product&#038;p=274915"},"modified":"2026-01-20T12:00:08","modified_gmt":"2026-01-20T11:00:08","slug":"krasny-starozitny-cajovy-ci-kavovy-porcelanovy-servis","status":"publish","type":"product","link":"https:\/\/lucickymlyn.cz\/pl\/shop\/krasny-starozitny-cajovy-ci-kavovy-porcelanovy-servis\/","title":{"rendered":"Kr\u00e1sn\u00fd staro\u017eitn\u00fd \u010dajov\u00fd \u010di k\u00e1vov\u00fd porcel\u00e1nov\u00fd servis pro 6 osob, ztv\u00e1rn\u011bn\u00fd v reprezentativn\u00edm secesn\u00edm stylu"},"content":{"rendered":"","protected":false},"excerpt":{"rendered":"<p>Jemn\u011b, ale bohat\u011b zlacen\u00fd servis obsahuje vysokou konvici a ml\u00e9\u010denku, buclatou cuk\u0159enku a \u0161est \u0161\u00e1lk\u016f s pod\u0161\u00e1lky. T\u00e9m\u011b\u0159 cel\u00fd servis je nepo\u0161kozen\u00fd a\u017e na dva \u0161\u00e1lky. Jeden je bohu\u017eel napraskl\u00fd a dal\u0161\u00ed kdysi lepen\u00fd. Tato po\u0161kozen\u00ed nejsou dob\u0159e viditeln\u00e1, a proto je \u0161koda tyto dva hrne\u010dky vy\u0159adit. Velmi hezk\u00fd secesn\u00ed servis je tvarov\u011b zaj\u00edmav\u00fd a m\u00e1 i nev\u0161edn\u011b pojatou ru\u010dn\u00ed malbu, kvalitn\u011b vyp\u00e1len\u00fdm zlat\u00fdm emailem. Velmi hezk\u00e9 tvarov\u00e9 modelace jednotliv\u00fdch kus\u016f jsou p\u016fsobiv\u011b p\u0159ikr\u00e1\u0161len\u00e9 sv\u011b\u0161en\u00fdm girlandov\u00fdm vzorem a opakuj\u00edc\u00edmi se secesn\u00edmi ornamenty. Ml\u00e9\u010dn\u011b b\u00edl\u00fd porcel\u00e1nov\u00fd servis z\u00edskal i slavnostn\u00ed n\u00e1dech d\u00edky slab\u00fdm zlat\u00fdm link\u00e1m, kter\u00e9 zv\u00fdraz\u0148uj\u00ed bohat\u00e9 tvary a hrav\u00e9 linie d\u00edlc\u016f. Jemn\u011b zlacen\u00e1 jsou i v\u00fdrazn\u011b prot\u00e1hl\u00e1, rokajov\u00e1 ou\u0161ka. Vyrobeno z b\u00edl\u00e9ho porcel\u00e1nu s leskl\u00fdm povrchem, okolo roku 1900. Zna\u010deno v\u00fdrobcem porcel\u00e1nu CARL Freidrich Boseck &amp; Co Nov\u00fd Bor \u010cechy.<\/p>\n<p>(konvi\u010dka &#8211; v\u00fd\u0161ka 22 cm, pr\u016fm\u011br 12 cm; \u0161\u00e1lek &#8211; v\u00fd\u0161ka 8 cm, pr\u016fm\u011br 7,8 cm)<\/p>\n<p>Hmotnost 2,7 kg\/komplet.<\/p>","protected":false},"featured_media":274728,"template":"","meta":[],"product_brand":[],"product_cat":[70],"product_tag":[116],"class_list":{"0":"post-274915","1":"product","2":"type-product","3":"status-publish","4":"has-post-thumbnail","6":"product_cat-starozitny-porcelan","7":"product_tag-kava","9":"first","10":"outofstock","11":"shipping-taxable","12":"purchasable","13":"product-type-simple"},"_links":{"self":[{"href":"https:\/\/lucickymlyn.cz\/pl\/wp-json\/wp\/v2\/product\/274915","targetHints":{"allow":["GET"]}}],"collection":[{"href":"https:\/\/lucickymlyn.cz\/pl\/wp-json\/wp\/v2\/product"}],"about":[{"href":"https:\/\/lucickymlyn.cz\/pl\/wp-json\/wp\/v2\/types\/product"}],"wp:featuredmedia":[{"embeddable":true,"href":"https:\/\/lucickymlyn.cz\/pl\/wp-json\/wp\/v2\/media\/274728"}],"wp:attachment":[{"href":"https:\/\/lucickymlyn.cz\/pl\/wp-json\/wp\/v2\/media?parent=274915"}],"wp:term":[{"taxonomy":"product_brand","embeddable":true,"href":"https:\/\/lucickymlyn.cz\/pl\/wp-json\/wp\/v2\/product_brand?post=274915"},{"taxonomy":"product_cat","embeddable":true,"href":"https:\/\/lucickymlyn.cz\/pl\/wp-json\/wp\/v2\/product_cat?post=274915"},{"taxonomy":"product_tag","embeddable":true,"href":"https:\/\/lucickymlyn.cz\/pl\/wp-json\/wp\/v2\/product_tag?post=274915"}],"curies":[{"name":"wp","href":"https:\/\/api.w.org\/{rel}","templated":true}]}}

Krásný starožitný čajový či kávový porcelánový servis pro 6 osob, ztvárněný v reprezentativním secesním stylu

<p>Jemně, ale bohatě zlacený servis obsahuje vysokou konvici a mléčenku, buclatou cukřenku a šest šálků s podšálky. Téměř celý servis je nepoškozený až na dva šálky. Jeden je bohužel naprasklý a další kdysi lepený. Tato poškození nejsou dobře viditelná, a proto je škoda tyto dva hrnečky vyřadit. Velmi hezký secesní servis je tvarově zajímavý a má i nevšedně pojatou ruční malbu, kvalitně vypáleným zlatým emailem. Velmi hezké tvarové modelace jednotlivých kusů jsou působivě přikrášlené svěšeným girlandovým vzorem a opakujícími se secesními ornamenty. Mléčně bílý porcelánový servis získal i slavnostní nádech díky slabým zlatým linkám, které zvýrazňují bohaté tvary a hravé linie dílců. Jemně zlacená jsou i výrazně protáhlá, rokajová ouška. Vyrobeno z bílého porcelánu s lesklým povrchem, okolo roku 1900. Značeno výrobcem porcelánu CARL Freidrich Boseck &amp; Co Nový Bor Čechy.</p>
<p>(konvička &#8211; výška 22 cm, průměr 12 cm; šálek &#8211; výška 8 cm, průměr 7,8 cm)</p>
<p>Hmotnost 2,7 kg/komplet.</p>
