{"id":125011,"date":"2020-10-23T18:23:25","date_gmt":"2020-10-23T16:23:25","guid":{"rendered":"https:\/\/lucickymlyn.cz\/?post_type=product&#038;p=125011"},"modified":"2020-10-31T19:32:40","modified_gmt":"2020-10-31T18:32:40","slug":"secesni-malovany-dzban-z-foukaneho-skla","status":"publish","type":"product","link":"https:\/\/lucickymlyn.cz\/pl\/shop\/secesni-malovany-dzban-z-foukaneho-skla\/","title":{"rendered":"Secesyjny malowany dzban z dmuchanego szk\u0142a"},"content":{"rendered":"","protected":false},"excerpt":{"rendered":"<p>Hezk\u00e1 a vysok\u00e1 n\u00e1doba z \u010dir\u00e9ho skla, foukan\u00e9ho do \u0161t\u00edhl\u00e9 hran\u011bn\u00e9 formy s podsaditou stabiln\u00ed z\u00e1kladnou. Hezk\u00fd a praktick\u00fd p\u0159edm\u011bt s ru\u010dn\u011b vymalovanou ma\u0161l\u00ed a kopretinami. Dno n\u00e1doby je sm\u011brem dovnit\u0159 lehce prohnut\u00e9 a ukazuje, \u017ee na st\u0159edu m\u00e1 zachoval\u00fd tzv. p\u0159\u00edlepn\u00edk. To je m\u00edsto kde byla ,,p\u0159ilepena&#8220; skl\u00e1\u0159sk\u00e1 p\u00ed\u0161\u0165ala. Pohodln\u011b tvarovan\u00e9 ou\u0161ko je dostate\u010dn\u011b \u0161irok\u00e9 i vysok\u00e9 i pro ruku po\u0159\u00e1dn\u00e9ho chlapa. Horn\u00ed okraj d\u017eb\u00e1nu m\u00e1 \u0161ikovn\u011b tvarovanou hubi\u010dku, kter\u00e1 umo\u017e\u0148uje rychl\u00e9 a p\u0159esn\u00e9 nal\u00e9v\u00e1n\u00ed v\u00edna nebo vody, bez zbyte\u010dn\u00e9ho odkap\u00e1v\u00e1n\u00ed. Velmi dobr\u00fd stav bez po\u0161kozen\u00ed a t\u00e9m\u011b\u0159 i opot\u0159eben\u00ed.<\/p>\n<p>Hezk\u00fd a kvalitn\u00ed d\u00e1rek, kter\u00fd poslou\u017e\u00ed k p\u0159\u00edjemn\u00e9mu osv\u011b\u017een\u00ed s p\u0159\u00e1teli a k tomu ozdob\u00ed Va\u0161i vitr\u00ednku nebo sklen\u00edk.<\/p>\n<p>&nbsp;<\/p>\n<p>(v\u00fd\u0161ka 30 cm, pr\u016fm\u011br dna 13 cm)<\/p>\n<p>Masa 0,8 kg.<\/p>","protected":false},"featured_media":124949,"template":"","meta":[],"product_brand":[],"product_cat":[102],"product_tag":[78],"class_list":{"0":"post-125011","1":"product","2":"type-product","3":"status-publish","4":"has-post-thumbnail","6":"product_cat-starozitne-sklo","7":"product_tag-secese","9":"first","10":"instock","11":"shipping-taxable","12":"purchasable","13":"product-type-simple"},"_links":{"self":[{"href":"https:\/\/lucickymlyn.cz\/pl\/wp-json\/wp\/v2\/product\/125011","targetHints":{"allow":["GET"]}}],"collection":[{"href":"https:\/\/lucickymlyn.cz\/pl\/wp-json\/wp\/v2\/product"}],"about":[{"href":"https:\/\/lucickymlyn.cz\/pl\/wp-json\/wp\/v2\/types\/product"}],"wp:featuredmedia":[{"embeddable":true,"href":"https:\/\/lucickymlyn.cz\/pl\/wp-json\/wp\/v2\/media\/124949"}],"wp:attachment":[{"href":"https:\/\/lucickymlyn.cz\/pl\/wp-json\/wp\/v2\/media?parent=125011"}],"wp:term":[{"taxonomy":"product_brand","embeddable":true,"href":"https:\/\/lucickymlyn.cz\/pl\/wp-json\/wp\/v2\/product_brand?post=125011"},{"taxonomy":"product_cat","embeddable":true,"href":"https:\/\/lucickymlyn.cz\/pl\/wp-json\/wp\/v2\/product_cat?post=125011"},{"taxonomy":"product_tag","embeddable":true,"href":"https:\/\/lucickymlyn.cz\/pl\/wp-json\/wp\/v2\/product_tag?post=125011"}],"curies":[{"name":"wp","href":"https:\/\/api.w.org\/{rel}","templated":true}]}}

Secesyjny malowany dzban z dmuchanego szkła

<p>Hezká a vysoká nádoba z čirého skla, foukaného do štíhlé hraněné formy s podsaditou stabilní základnou. Hezký a praktický předmět s ručně vymalovanou mašlí a kopretinami. Dno nádoby je směrem dovnitř lehce prohnuté a ukazuje, že na středu má zachovalý tzv. přílepník. To je místo kde byla ,,přilepena&#8220; sklářská píšťala. Pohodlně tvarované ouško je dostatečně široké i vysoké i pro ruku pořádného chlapa. Horní okraj džbánu má šikovně tvarovanou hubičku, která umožňuje rychlé a přesné nalévání vína nebo vody, bez zbytečného odkapávání. Velmi dobrý stav bez poškození a téměř i opotřebení.</p>
<p>Hezký a kvalitní dárek, který poslouží k příjemnému osvěžení s přáteli a k tomu ozdobí Vaši vitrínku nebo skleník.</p>
<p>&nbsp;</p>
<p>(výška 30 cm, průměr dna 13 cm)</p>
<p>Masa 0,8 kg.</p>
