{"id":116912,"date":"2020-05-23T20:54:26","date_gmt":"2020-05-23T18:54:26","guid":{"rendered":"https:\/\/lucickymlyn.cz\/?post_type=product&#038;p=116912"},"modified":"2020-05-30T17:27:24","modified_gmt":"2020-05-30T15:27:24","slug":"starozitna-toaletka-z-ohybaneho-buku-a-tlacene-preklizky-jacob-josef-kohn","status":"publish","type":"product","link":"https:\/\/lucickymlyn.cz\/pl\/shop\/starozitna-toaletka-z-ohybaneho-buku-a-tlacene-preklizky-jacob-josef-kohn\/","title":{"rendered":"Antykowa toaletka z gi\u0119tego drewna bukowego i sklejki t\u0142oczonej \u2013 Jacob &amp; Josef Kohn"},"content":{"rendered":"","protected":false},"excerpt":{"rendered":"<p>S\u00e9riov\u011b vyroben\u00fd a na svou dobu velmi modern\u011b navr\u017een\u00fd n\u00e1bytek ze vset\u00ednsk\u00e9 pobo\u010dky v\u00edde\u0148sk\u00e9 firmy. V\u00edde\u0148sk\u00e1 secese z obdob\u00ed okolo roku 1900. Po d\u016fkladn\u00e9m celkov\u00e9m vy\u010di\u0161t\u011bn\u00ed a men\u0161\u00ed povrchov\u00e9 renovaci, proveden\u00e9 s d\u016frazem na maxim\u00e1ln\u00ed zachov\u00e1n\u00ed p\u016fvodn\u00edho charakteru n\u00e1bytku a jeho m\u00edrn\u00e9ho letit\u00e9ho opot\u0159eben\u00ed.<\/p>\n<p>&nbsp;<\/p>\n<p>(v\u00fd\u0161ka 173 cm x \u0161\u00ed\u0159ka 80 cm x hloubka 54 cm)<\/p>\n<p>Hmotnost 18 kg<\/p>","protected":false},"featured_media":116676,"template":"","meta":[],"product_brand":[],"product_cat":[89],"product_tag":[78],"class_list":{"0":"post-116912","1":"product","2":"type-product","3":"status-publish","4":"has-post-thumbnail","6":"product_cat-mestansky-nabytek","7":"product_tag-secese","8":"product_shipping_class-d-full-servis","10":"first","11":"instock","12":"shipping-taxable","13":"purchasable","14":"product-type-simple"},"_links":{"self":[{"href":"https:\/\/lucickymlyn.cz\/pl\/wp-json\/wp\/v2\/product\/116912","targetHints":{"allow":["GET"]}}],"collection":[{"href":"https:\/\/lucickymlyn.cz\/pl\/wp-json\/wp\/v2\/product"}],"about":[{"href":"https:\/\/lucickymlyn.cz\/pl\/wp-json\/wp\/v2\/types\/product"}],"wp:featuredmedia":[{"embeddable":true,"href":"https:\/\/lucickymlyn.cz\/pl\/wp-json\/wp\/v2\/media\/116676"}],"wp:attachment":[{"href":"https:\/\/lucickymlyn.cz\/pl\/wp-json\/wp\/v2\/media?parent=116912"}],"wp:term":[{"taxonomy":"product_brand","embeddable":true,"href":"https:\/\/lucickymlyn.cz\/pl\/wp-json\/wp\/v2\/product_brand?post=116912"},{"taxonomy":"product_cat","embeddable":true,"href":"https:\/\/lucickymlyn.cz\/pl\/wp-json\/wp\/v2\/product_cat?post=116912"},{"taxonomy":"product_tag","embeddable":true,"href":"https:\/\/lucickymlyn.cz\/pl\/wp-json\/wp\/v2\/product_tag?post=116912"}],"curies":[{"name":"wp","href":"https:\/\/api.w.org\/{rel}","templated":true}]}}

Antykowa toaletka z giętego drewna bukowego i sklejki tłoczonej – Jacob &amp; Josef Kohn

<p>Sériově vyrobený a na svou dobu velmi moderně navržený nábytek ze vsetínské pobočky vídeňské firmy. Vídeňská secese z období okolo roku 1900. Po důkladném celkovém vyčištění a menší povrchové renovaci, provedené s důrazem na maximální zachování původního charakteru nábytku a jeho mírného letitého opotřebení.</p>
<p>&nbsp;</p>
<p>(výška 173 cm x šířka 80 cm x hloubka 54 cm)</p>
<p>Hmotnost 18 kg</p>
